{"id":7636,"date":"2025-01-15T13:32:25","date_gmt":"2025-01-15T13:32:25","guid":{"rendered":"https:\/\/kcdf.org\/toolkit\/?page_id=7636"},"modified":"2025-01-15T13:37:28","modified_gmt":"2025-01-15T13:37:28","slug":"nga-dora-e-saj","status":"publish","type":"page","link":"https:\/\/kcdf.org\/toolkit\/nga-dora-e-saj\/","title":{"rendered":"Nga Dora e Saj"},"content":{"rendered":"\t\t<div data-elementor-type=\"wp-page\" data-elementor-id=\"7636\" class=\"elementor elementor-7636\" data-elementor-post-type=\"page\">\n\t\t\t\t<div class=\"elementor-element elementor-element-b015cd8 e-flex e-con-boxed e-con e-parent\" data-id=\"b015cd8\" data-element_type=\"container\" data-settings=\"{&quot;background_background&quot;:&quot;classic&quot;}\">\n\t\t\t\t\t<div class=\"e-con-inner\">\n\t\t\t\t\t<\/div>\n\t\t\t\t<\/div>\n\t\t<div class=\"elementor-element elementor-element-e9dc24d e-flex e-con-boxed e-con e-child\" data-id=\"e9dc24d\" data-element_type=\"container\">\n\t\t\t\t\t<div class=\"e-con-inner\">\n\t\t\t\t<div class=\"elementor-element elementor-element-5faeae3 elementor-widget elementor-widget-text-editor\" data-id=\"5faeae3\" data-element_type=\"widget\" data-widget_type=\"text-editor.default\">\n\t\t\t\t<div class=\"elementor-widget-container\">\n\t\t\t<style>\/*! elementor - v3.22.0 - 26-06-2024 *\/\n.elementor-widget-text-editor.elementor-drop-cap-view-stacked .elementor-drop-cap{background-color:#69727d;color:#fff}.elementor-widget-text-editor.elementor-drop-cap-view-framed .elementor-drop-cap{color:#69727d;border:3px solid;background-color:transparent}.elementor-widget-text-editor:not(.elementor-drop-cap-view-default) .elementor-drop-cap{margin-top:8px}.elementor-widget-text-editor:not(.elementor-drop-cap-view-default) .elementor-drop-cap-letter{width:1em;height:1em}.elementor-widget-text-editor .elementor-drop-cap{float:left;text-align:center;line-height:1;font-size:50px}.elementor-widget-text-editor .elementor-drop-cap-letter{display:inline-block}<\/style>\t\t\t\t<p>Kampanja &#8220;Nga Dora e Saj&#8221; i dedikohet <b>fuqis\u00eb<\/b>, <b>talentit <\/b>dhe <b>kreativitetit <\/b>t\u00eb <b>grave n\u00eb nd\u00ebrmarr\u00ebsi<\/b>. \u00c7do produkt me sloganin e kampanj\u00ebs tregon nj\u00eb histori p\u00ebrkushtimi, aft\u00ebsie dhe inovacioni, i krijuar nga gra q\u00eb kontribuojn\u00eb n\u00eb fush\u00ebn e biznesit.<\/p><p>Misioni i kampanj\u00ebs \u00ebsht\u00eb t\u00eb ndryshoj\u00eb <b>perceptimet <\/b>dhe t\u00eb <b>promovoj\u00eb <\/b>kontributin e grave, duke inkurajuar konsumator\u00ebt t\u00eb mb\u00ebshtesin bizneset n\u00eb pron\u00ebsi t\u00eb grave duke vler\u00ebsuar kontributin e tyre n\u00eb treg.<\/p><p>&#8220;Nga Dora e Saj&#8221; fton t\u00eb gjith\u00eb t\u00eb b\u00ebhen pjes\u00eb e nj\u00eb l\u00ebvizjeje q\u00eb nderon <b>kontributet <\/b>e grave, transformon perceptimet dhe avokon p\u00ebr nj\u00eb <b>treg m\u00eb gjith\u00ebp\u00ebrfshir\u00ebs<\/b>. Duke mb\u00ebshtetur k\u00ebt\u00eb fushat\u00eb, ju bashkoheni me nj\u00eb p\u00ebrpjekje kolektive p\u00ebr t\u00eb nderuar dhe fuqizuar grat\u00eb n\u00eb nd\u00ebrmarr\u00ebsi.\u00a0<\/p>\t\t\t\t\t\t<\/div>\n\t\t\t\t<\/div>\n\t\t\t\t\t<\/div>\n\t\t\t\t<\/div>\n\t\t<div class=\"elementor-element elementor-element-7c8a8b2 e-flex e-con-boxed e-con e-parent\" data-id=\"7c8a8b2\" data-element_type=\"container\">\n\t\t\t\t\t<div class=\"e-con-inner\">\n\t\t\t\t<div class=\"elementor-element elementor-element-96a3558 elementor-widget elementor-widget-image-gallery\" data-id=\"96a3558\" data-element_type=\"widget\" data-widget_type=\"image-gallery.default\">\n\t\t\t\t<div class=\"elementor-widget-container\">\n\t\t\t<style>\/*! elementor - v3.22.0 - 26-06-2024 *\/\n.elementor-image-gallery .gallery-item{display:inline-block;text-align:center;vertical-align:top;width:100%;max-width:100%;margin:0 auto}.elementor-image-gallery .gallery-item img{margin:0 auto}.elementor-image-gallery .gallery-item .gallery-caption{margin:0}.elementor-image-gallery figure img{display:block}.elementor-image-gallery figure figcaption{width:100%}.gallery-spacing-custom .elementor-image-gallery .gallery-icon{padding:0}@media (min-width:768px){.elementor-image-gallery .gallery-columns-2 .gallery-item{max-width:50%}.elementor-image-gallery .gallery-columns-3 .gallery-item{max-width:33.33%}.elementor-image-gallery .gallery-columns-4 .gallery-item{max-width:25%}.elementor-image-gallery .gallery-columns-5 .gallery-item{max-width:20%}.elementor-image-gallery .gallery-columns-6 .gallery-item{max-width:16.666%}.elementor-image-gallery .gallery-columns-7 .gallery-item{max-width:14.28%}.elementor-image-gallery .gallery-columns-8 .gallery-item{max-width:12.5%}.elementor-image-gallery .gallery-columns-9 .gallery-item{max-width:11.11%}.elementor-image-gallery .gallery-columns-10 .gallery-item{max-width:10%}}@media (min-width:480px) and (max-width:767px){.elementor-image-gallery .gallery.gallery-columns-2 .gallery-item,.elementor-image-gallery .gallery.gallery-columns-3 .gallery-item,.elementor-image-gallery .gallery.gallery-columns-4 .gallery-item,.elementor-image-gallery .gallery.gallery-columns-5 .gallery-item,.elementor-image-gallery .gallery.gallery-columns-6 .gallery-item,.elementor-image-gallery .gallery.gallery-columns-7 .gallery-item,.elementor-image-gallery .gallery.gallery-columns-8 .gallery-item,.elementor-image-gallery .gallery.gallery-columns-9 .gallery-item,.elementor-image-gallery .gallery.gallery-columns-10 .gallery-item{max-width:50%}}@media (max-width:479px){.elementor-image-gallery .gallery.gallery-columns-2 .gallery-item,.elementor-image-gallery .gallery.gallery-columns-3 .gallery-item,.elementor-image-gallery .gallery.gallery-columns-4 .gallery-item,.elementor-image-gallery .gallery.gallery-columns-5 .gallery-item,.elementor-image-gallery .gallery.gallery-columns-6 .gallery-item,.elementor-image-gallery .gallery.gallery-columns-7 .gallery-item,.elementor-image-gallery .gallery.gallery-columns-8 .gallery-item,.elementor-image-gallery .gallery.gallery-columns-9 .gallery-item,.elementor-image-gallery .gallery.gallery-columns-10 .gallery-item{max-width:100%}}<\/style>\t\t<div class=\"elementor-image-gallery\">\n\t\t\t<div id='gallery-1' class='gallery galleryid-7636 gallery-columns-4 gallery-size-thumbnail'><figure class='gallery-item'>\n\t\t\t<div class='gallery-icon landscape'>\n\t\t\t\t<a data-elementor-open-lightbox=\"yes\" data-elementor-lightbox-slideshow=\"96a3558\" data-elementor-lightbox-title=\"general sticker\" data-e-action-hash=\"#elementor-action%3Aaction%3Dlightbox%26settings%3DeyJpZCI6NzU4NywidXJsIjoiaHR0cHM6XC9cL2tjZGYub3JnXC90b29sa2l0XC93cC1jb250ZW50XC91cGxvYWRzXC8yMDI1XC8wMVwvZ2VuZXJhbC1zdGlja2VyLmpwZyIsInNsaWRlc2hvdyI6Ijk2YTM1NTgifQ%3D%3D\" href='https:\/\/kcdf.org\/toolkit\/wp-content\/uploads\/2025\/01\/general-sticker.jpg'><img decoding=\"async\" width=\"150\" height=\"150\" src=\"https:\/\/kcdf.org\/toolkit\/wp-content\/uploads\/2025\/01\/general-sticker-150x150.jpg\" class=\"attachment-thumbnail size-thumbnail\" alt=\"\" aria-describedby=\"gallery-1-7587\" srcset=\"https:\/\/kcdf.org\/toolkit\/wp-content\/uploads\/2025\/01\/general-sticker-150x150.jpg 150w, https:\/\/kcdf.org\/toolkit\/wp-content\/uploads\/2025\/01\/general-sticker-300x300.jpg 300w, https:\/\/kcdf.org\/toolkit\/wp-content\/uploads\/2025\/01\/general-sticker-768x768.jpg 768w, https:\/\/kcdf.org\/toolkit\/wp-content\/uploads\/2025\/01\/general-sticker.jpg 993w\" sizes=\"(max-width: 150px) 100vw, 150px\" \/><\/a>\n\t\t\t<\/div>\n\t\t\t\t<figcaption class='wp-caption-text gallery-caption' id='gallery-1-7587'>\n\t\t\t\tSlogani i p\u00ebrgjthsh\u00ebm i kampanj\u00ebs\n\t\t\t\t<\/figcaption><\/figure><figure class='gallery-item'>\n\t\t\t<div class='gallery-icon landscape'>\n\t\t\t\t<a data-elementor-open-lightbox=\"yes\" data-elementor-lightbox-slideshow=\"96a3558\" data-elementor-lightbox-title=\"USHQIM\" data-e-action-hash=\"#elementor-action%3Aaction%3Dlightbox%26settings%3DeyJpZCI6NzU4NiwidXJsIjoiaHR0cHM6XC9cL2tjZGYub3JnXC90b29sa2l0XC93cC1jb250ZW50XC91cGxvYWRzXC8yMDI1XC8wMVwvVVNIUUlNLmpwZyIsInNsaWRlc2hvdyI6Ijk2YTM1NTgifQ%3D%3D\" href='https:\/\/kcdf.org\/toolkit\/wp-content\/uploads\/2025\/01\/USHQIM.jpg'><img decoding=\"async\" width=\"150\" height=\"150\" src=\"https:\/\/kcdf.org\/toolkit\/wp-content\/uploads\/2025\/01\/USHQIM-150x150.jpg\" class=\"attachment-thumbnail size-thumbnail\" alt=\"\" aria-describedby=\"gallery-1-7586\" srcset=\"https:\/\/kcdf.org\/toolkit\/wp-content\/uploads\/2025\/01\/USHQIM-150x150.jpg 150w, https:\/\/kcdf.org\/toolkit\/wp-content\/uploads\/2025\/01\/USHQIM-300x300.jpg 300w, https:\/\/kcdf.org\/toolkit\/wp-content\/uploads\/2025\/01\/USHQIM-768x768.jpg 768w, https:\/\/kcdf.org\/toolkit\/wp-content\/uploads\/2025\/01\/USHQIM.jpg 993w\" sizes=\"(max-width: 150px) 100vw, 150px\" \/><\/a>\n\t\t\t<\/div>\n\t\t\t\t<figcaption class='wp-caption-text gallery-caption' id='gallery-1-7586'>\n\t\t\t\tSlogani p\u00ebr bizneset n\u00eb sektorin e Ushqimit\n\t\t\t\t<\/figcaption><\/figure><figure class='gallery-item'>\n\t\t\t<div class='gallery-icon landscape'>\n\t\t\t\t<a data-elementor-open-lightbox=\"yes\" data-elementor-lightbox-slideshow=\"96a3558\" data-elementor-lightbox-title=\"SHERBIM\" data-e-action-hash=\"#elementor-action%3Aaction%3Dlightbox%26settings%3DeyJpZCI6NzU4NSwidXJsIjoiaHR0cHM6XC9cL2tjZGYub3JnXC90b29sa2l0XC93cC1jb250ZW50XC91cGxvYWRzXC8yMDI1XC8wMVwvU0hFUkJJTS5qcGciLCJzbGlkZXNob3ciOiI5NmEzNTU4In0%3D\" href='https:\/\/kcdf.org\/toolkit\/wp-content\/uploads\/2025\/01\/SHERBIM.jpg'><img decoding=\"async\" width=\"150\" height=\"150\" src=\"https:\/\/kcdf.org\/toolkit\/wp-content\/uploads\/2025\/01\/SHERBIM-150x150.jpg\" class=\"attachment-thumbnail size-thumbnail\" alt=\"\" aria-describedby=\"gallery-1-7585\" srcset=\"https:\/\/kcdf.org\/toolkit\/wp-content\/uploads\/2025\/01\/SHERBIM-150x150.jpg 150w, https:\/\/kcdf.org\/toolkit\/wp-content\/uploads\/2025\/01\/SHERBIM-300x300.jpg 300w, https:\/\/kcdf.org\/toolkit\/wp-content\/uploads\/2025\/01\/SHERBIM-768x768.jpg 768w, https:\/\/kcdf.org\/toolkit\/wp-content\/uploads\/2025\/01\/SHERBIM.jpg 993w\" sizes=\"(max-width: 150px) 100vw, 150px\" \/><\/a>\n\t\t\t<\/div>\n\t\t\t\t<figcaption class='wp-caption-text gallery-caption' id='gallery-1-7585'>\n\t\t\t\tSlogani p\u00ebr bizneset n\u00eb sektorin e Sh\u00ebrbimeve\n\t\t\t\t<\/figcaption><\/figure><figure class='gallery-item'>\n\t\t\t<div class='gallery-icon landscape'>\n\t\t\t\t<a data-elementor-open-lightbox=\"yes\" data-elementor-lightbox-slideshow=\"96a3558\" data-elementor-lightbox-title=\"SHENDET &amp; MIREQENIE\" data-e-action-hash=\"#elementor-action%3Aaction%3Dlightbox%26settings%3DeyJpZCI6NzU4NCwidXJsIjoiaHR0cHM6XC9cL2tjZGYub3JnXC90b29sa2l0XC93cC1jb250ZW50XC91cGxvYWRzXC8yMDI1XC8wMVwvU0hFTkRFVC1NSVJFUUVOSUUuanBnIiwic2xpZGVzaG93IjoiOTZhMzU1OCJ9\" href='https:\/\/kcdf.org\/toolkit\/wp-content\/uploads\/2025\/01\/SHENDET-MIREQENIE.jpg'><img loading=\"lazy\" decoding=\"async\" width=\"150\" height=\"150\" src=\"https:\/\/kcdf.org\/toolkit\/wp-content\/uploads\/2025\/01\/SHENDET-MIREQENIE-150x150.jpg\" class=\"attachment-thumbnail size-thumbnail\" alt=\"\" aria-describedby=\"gallery-1-7584\" srcset=\"https:\/\/kcdf.org\/toolkit\/wp-content\/uploads\/2025\/01\/SHENDET-MIREQENIE-150x150.jpg 150w, https:\/\/kcdf.org\/toolkit\/wp-content\/uploads\/2025\/01\/SHENDET-MIREQENIE-300x300.jpg 300w, https:\/\/kcdf.org\/toolkit\/wp-content\/uploads\/2025\/01\/SHENDET-MIREQENIE-768x768.jpg 768w, https:\/\/kcdf.org\/toolkit\/wp-content\/uploads\/2025\/01\/SHENDET-MIREQENIE.jpg 993w\" sizes=\"(max-width: 150px) 100vw, 150px\" \/><\/a>\n\t\t\t<\/div>\n\t\t\t\t<figcaption class='wp-caption-text gallery-caption' id='gallery-1-7584'>\n\t\t\t\tSlogani p\u00ebr bizneset n\u00eb sektorin e Sh\u00ebndetit dhe Mir\u00ebqeni\u00ebs\n\t\t\t\t<\/figcaption><\/figure><figure class='gallery-item'>\n\t\t\t<div class='gallery-icon landscape'>\n\t\t\t\t<a data-elementor-open-lightbox=\"yes\" data-elementor-lightbox-slideshow=\"96a3558\" data-elementor-lightbox-title=\"PRODHIMTARI\" data-e-action-hash=\"#elementor-action%3Aaction%3Dlightbox%26settings%3DeyJpZCI6NzU4MywidXJsIjoiaHR0cHM6XC9cL2tjZGYub3JnXC90b29sa2l0XC93cC1jb250ZW50XC91cGxvYWRzXC8yMDI1XC8wMVwvUFJPREhJTVRBUkkuanBnIiwic2xpZGVzaG93IjoiOTZhMzU1OCJ9\" href='https:\/\/kcdf.org\/toolkit\/wp-content\/uploads\/2025\/01\/PRODHIMTARI.jpg'><img loading=\"lazy\" decoding=\"async\" width=\"150\" height=\"150\" src=\"https:\/\/kcdf.org\/toolkit\/wp-content\/uploads\/2025\/01\/PRODHIMTARI-150x150.jpg\" class=\"attachment-thumbnail size-thumbnail\" alt=\"\" aria-describedby=\"gallery-1-7583\" srcset=\"https:\/\/kcdf.org\/toolkit\/wp-content\/uploads\/2025\/01\/PRODHIMTARI-150x150.jpg 150w, https:\/\/kcdf.org\/toolkit\/wp-content\/uploads\/2025\/01\/PRODHIMTARI-300x300.jpg 300w, https:\/\/kcdf.org\/toolkit\/wp-content\/uploads\/2025\/01\/PRODHIMTARI-768x768.jpg 768w, https:\/\/kcdf.org\/toolkit\/wp-content\/uploads\/2025\/01\/PRODHIMTARI.jpg 993w\" sizes=\"(max-width: 150px) 100vw, 150px\" \/><\/a>\n\t\t\t<\/div>\n\t\t\t\t<figcaption class='wp-caption-text gallery-caption' id='gallery-1-7583'>\n\t\t\t\tSlogani p\u00ebr bizneset n\u00eb sektorin e Prodhimtaris\u00eb\n\t\t\t\t<\/figcaption><\/figure><figure class='gallery-item'>\n\t\t\t<div class='gallery-icon landscape'>\n\t\t\t\t<a data-elementor-open-lightbox=\"yes\" data-elementor-lightbox-slideshow=\"96a3558\" data-elementor-lightbox-title=\"PIJE\" data-e-action-hash=\"#elementor-action%3Aaction%3Dlightbox%26settings%3DeyJpZCI6NzU4MiwidXJsIjoiaHR0cHM6XC9cL2tjZGYub3JnXC90b29sa2l0XC93cC1jb250ZW50XC91cGxvYWRzXC8yMDI1XC8wMVwvUElKRS5qcGciLCJzbGlkZXNob3ciOiI5NmEzNTU4In0%3D\" href='https:\/\/kcdf.org\/toolkit\/wp-content\/uploads\/2025\/01\/PIJE.jpg'><img loading=\"lazy\" decoding=\"async\" width=\"150\" height=\"150\" src=\"https:\/\/kcdf.org\/toolkit\/wp-content\/uploads\/2025\/01\/PIJE-150x150.jpg\" class=\"attachment-thumbnail size-thumbnail\" alt=\"\" aria-describedby=\"gallery-1-7582\" srcset=\"https:\/\/kcdf.org\/toolkit\/wp-content\/uploads\/2025\/01\/PIJE-150x150.jpg 150w, https:\/\/kcdf.org\/toolkit\/wp-content\/uploads\/2025\/01\/PIJE-300x300.jpg 300w, https:\/\/kcdf.org\/toolkit\/wp-content\/uploads\/2025\/01\/PIJE-768x768.jpg 768w, https:\/\/kcdf.org\/toolkit\/wp-content\/uploads\/2025\/01\/PIJE.jpg 993w\" sizes=\"(max-width: 150px) 100vw, 150px\" \/><\/a>\n\t\t\t<\/div>\n\t\t\t\t<figcaption class='wp-caption-text gallery-caption' id='gallery-1-7582'>\n\t\t\t\tSlogani p\u00ebr bizneset n\u00eb sektorin e Pijeve\n\t\t\t\t<\/figcaption><\/figure><figure class='gallery-item'>\n\t\t\t<div class='gallery-icon landscape'>\n\t\t\t\t<a data-elementor-open-lightbox=\"yes\" data-elementor-lightbox-slideshow=\"96a3558\" data-elementor-lightbox-title=\"MODE &amp; DIZAJN\" data-e-action-hash=\"#elementor-action%3Aaction%3Dlightbox%26settings%3DeyJpZCI6NzU4MSwidXJsIjoiaHR0cHM6XC9cL2tjZGYub3JnXC90b29sa2l0XC93cC1jb250ZW50XC91cGxvYWRzXC8yMDI1XC8wMVwvTU9ERS1ESVpBSk4uanBnIiwic2xpZGVzaG93IjoiOTZhMzU1OCJ9\" href='https:\/\/kcdf.org\/toolkit\/wp-content\/uploads\/2025\/01\/MODE-DIZAJN.jpg'><img loading=\"lazy\" decoding=\"async\" width=\"150\" height=\"150\" src=\"https:\/\/kcdf.org\/toolkit\/wp-content\/uploads\/2025\/01\/MODE-DIZAJN-150x150.jpg\" class=\"attachment-thumbnail size-thumbnail\" alt=\"\" aria-describedby=\"gallery-1-7581\" srcset=\"https:\/\/kcdf.org\/toolkit\/wp-content\/uploads\/2025\/01\/MODE-DIZAJN-150x150.jpg 150w, https:\/\/kcdf.org\/toolkit\/wp-content\/uploads\/2025\/01\/MODE-DIZAJN-300x300.jpg 300w, https:\/\/kcdf.org\/toolkit\/wp-content\/uploads\/2025\/01\/MODE-DIZAJN-768x768.jpg 768w, https:\/\/kcdf.org\/toolkit\/wp-content\/uploads\/2025\/01\/MODE-DIZAJN.jpg 993w\" sizes=\"(max-width: 150px) 100vw, 150px\" \/><\/a>\n\t\t\t<\/div>\n\t\t\t\t<figcaption class='wp-caption-text gallery-caption' id='gallery-1-7581'>\n\t\t\t\tSlogani p\u00ebr bizneset n\u00eb sektorin e Mod\u00ebs dhe Dizajnit\n\t\t\t\t<\/figcaption><\/figure><figure class='gallery-item'>\n\t\t\t<div class='gallery-icon landscape'>\n\t\t\t\t<a data-elementor-open-lightbox=\"yes\" data-elementor-lightbox-slideshow=\"96a3558\" data-elementor-lightbox-title=\"EMBELSIRA\" data-e-action-hash=\"#elementor-action%3Aaction%3Dlightbox%26settings%3DeyJpZCI6NzU4MCwidXJsIjoiaHR0cHM6XC9cL2tjZGYub3JnXC90b29sa2l0XC93cC1jb250ZW50XC91cGxvYWRzXC8yMDI1XC8wMVwvRU1CRUxTSVJBLmpwZyIsInNsaWRlc2hvdyI6Ijk2YTM1NTgifQ%3D%3D\" href='https:\/\/kcdf.org\/toolkit\/wp-content\/uploads\/2025\/01\/EMBELSIRA.jpg'><img loading=\"lazy\" decoding=\"async\" width=\"150\" height=\"150\" src=\"https:\/\/kcdf.org\/toolkit\/wp-content\/uploads\/2025\/01\/EMBELSIRA-150x150.jpg\" class=\"attachment-thumbnail size-thumbnail\" alt=\"\" aria-describedby=\"gallery-1-7580\" srcset=\"https:\/\/kcdf.org\/toolkit\/wp-content\/uploads\/2025\/01\/EMBELSIRA-150x150.jpg 150w, https:\/\/kcdf.org\/toolkit\/wp-content\/uploads\/2025\/01\/EMBELSIRA-300x300.jpg 300w, https:\/\/kcdf.org\/toolkit\/wp-content\/uploads\/2025\/01\/EMBELSIRA-768x768.jpg 768w, https:\/\/kcdf.org\/toolkit\/wp-content\/uploads\/2025\/01\/EMBELSIRA.jpg 993w\" sizes=\"(max-width: 150px) 100vw, 150px\" \/><\/a>\n\t\t\t<\/div>\n\t\t\t\t<figcaption class='wp-caption-text gallery-caption' id='gallery-1-7580'>\n\t\t\t\tSlogani p\u00ebr bizneset n\u00eb sektorin e \u00cbmbelsirave \n\t\t\t\t<\/figcaption><\/figure><figure class='gallery-item'>\n\t\t\t<div class='gallery-icon landscape'>\n\t\t\t\t<a data-elementor-open-lightbox=\"yes\" data-elementor-lightbox-slideshow=\"96a3558\" data-elementor-lightbox-title=\"EDUKIM\" data-e-action-hash=\"#elementor-action%3Aaction%3Dlightbox%26settings%3DeyJpZCI6NzU3OCwidXJsIjoiaHR0cHM6XC9cL2tjZGYub3JnXC90b29sa2l0XC93cC1jb250ZW50XC91cGxvYWRzXC8yMDI1XC8wMVwvRURVS0lNLmpwZyIsInNsaWRlc2hvdyI6Ijk2YTM1NTgifQ%3D%3D\" href='https:\/\/kcdf.org\/toolkit\/wp-content\/uploads\/2025\/01\/EDUKIM.jpg'><img loading=\"lazy\" decoding=\"async\" width=\"150\" height=\"150\" src=\"https:\/\/kcdf.org\/toolkit\/wp-content\/uploads\/2025\/01\/EDUKIM-150x150.jpg\" class=\"attachment-thumbnail size-thumbnail\" alt=\"\" aria-describedby=\"gallery-1-7578\" srcset=\"https:\/\/kcdf.org\/toolkit\/wp-content\/uploads\/2025\/01\/EDUKIM-150x150.jpg 150w, https:\/\/kcdf.org\/toolkit\/wp-content\/uploads\/2025\/01\/EDUKIM-300x300.jpg 300w, https:\/\/kcdf.org\/toolkit\/wp-content\/uploads\/2025\/01\/EDUKIM-768x768.jpg 768w, https:\/\/kcdf.org\/toolkit\/wp-content\/uploads\/2025\/01\/EDUKIM.jpg 993w\" sizes=\"(max-width: 150px) 100vw, 150px\" \/><\/a>\n\t\t\t<\/div>\n\t\t\t\t<figcaption class='wp-caption-text gallery-caption' id='gallery-1-7578'>\n\t\t\t\tSlogani p\u00ebr bizneset n\u00eb sektorin e Edukimit\n\t\t\t\t<\/figcaption><\/figure><figure class='gallery-item'>\n\t\t\t<div class='gallery-icon landscape'>\n\t\t\t\t<a data-elementor-open-lightbox=\"yes\" data-elementor-lightbox-slideshow=\"96a3558\" data-elementor-lightbox-title=\"BUJQESI\" data-e-action-hash=\"#elementor-action%3Aaction%3Dlightbox%26settings%3DeyJpZCI6NzU3NywidXJsIjoiaHR0cHM6XC9cL2tjZGYub3JnXC90b29sa2l0XC93cC1jb250ZW50XC91cGxvYWRzXC8yMDI1XC8wMVwvQlVKUUVTSS5qcGciLCJzbGlkZXNob3ciOiI5NmEzNTU4In0%3D\" href='https:\/\/kcdf.org\/toolkit\/wp-content\/uploads\/2025\/01\/BUJQESI.jpg'><img loading=\"lazy\" decoding=\"async\" width=\"150\" height=\"150\" src=\"https:\/\/kcdf.org\/toolkit\/wp-content\/uploads\/2025\/01\/BUJQESI-150x150.jpg\" class=\"attachment-thumbnail size-thumbnail\" alt=\"\" aria-describedby=\"gallery-1-7577\" srcset=\"https:\/\/kcdf.org\/toolkit\/wp-content\/uploads\/2025\/01\/BUJQESI-150x150.jpg 150w, https:\/\/kcdf.org\/toolkit\/wp-content\/uploads\/2025\/01\/BUJQESI-300x300.jpg 300w, https:\/\/kcdf.org\/toolkit\/wp-content\/uploads\/2025\/01\/BUJQESI-768x768.jpg 768w, https:\/\/kcdf.org\/toolkit\/wp-content\/uploads\/2025\/01\/BUJQESI.jpg 993w\" sizes=\"(max-width: 150px) 100vw, 150px\" \/><\/a>\n\t\t\t<\/div>\n\t\t\t\t<figcaption class='wp-caption-text gallery-caption' id='gallery-1-7577'>\n\t\t\t\tSlogani p\u00ebr bizneset n\u00eb sektorin e Bujq\u00ebsis\u00eb\n\t\t\t\t<\/figcaption><\/figure>\n\t\t<\/div>\n\t\t<\/div>\n\t\t\t\t<\/div>\n\t\t\t\t<\/div>\n\t\t\t\t\t<\/div>\n\t\t\t\t<\/div>\n\t\t\t\t<\/div>\n\t\t","protected":false},"excerpt":{"rendered":"<p>Kampanja &#8220;Nga Dora e Saj&#8221; i dedikohet fuqis\u00eb, talentit dhe kreativitetit t\u00eb grave n\u00eb nd\u00ebrmarr\u00ebsi. \u00c7do produkt me sloganin e kampanj\u00ebs tregon nj\u00eb histori p\u00ebrkushtimi, aft\u00ebsie dhe inovacioni, i krijuar [&hellip;]<\/p>\n","protected":false},"author":3,"featured_media":0,"parent":0,"menu_order":0,"comment_status":"closed","ping_status":"closed","template":"","meta":{"footnotes":""},"class_list":["post-7636","page","type-page","status-publish","hentry"],"yoast_head":"<!-- This site is optimized with the Yoast SEO Premium plugin v21.5 (Yoast SEO v21.5) - https:\/\/yoast.com\/wordpress\/plugins\/seo\/ -->\n<title>Nga Dora e Saj - Inclusive Economic Engagement<\/title>\n<meta name=\"robots\" content=\"index, follow, max-snippet:-1, max-image-preview:large, max-video-preview:-1\" \/>\n<link rel=\"canonical\" href=\"https:\/\/kcdf.org\/toolkit\/nga-dora-e-saj\/\" \/>\n<meta property=\"og:locale\" content=\"en_US\" \/>\n<meta property=\"og:type\" content=\"article\" \/>\n<meta property=\"og:title\" content=\"Nga Dora e Saj\" \/>\n<meta property=\"og:description\" content=\"Kampanja &#8220;Nga Dora e Saj&#8221; i dedikohet fuqis\u00eb, talentit dhe kreativitetit t\u00eb grave n\u00eb nd\u00ebrmarr\u00ebsi. \u00c7do produkt me sloganin e kampanj\u00ebs tregon nj\u00eb histori p\u00ebrkushtimi, aft\u00ebsie dhe inovacioni, i krijuar [&hellip;]\" \/>\n<meta property=\"og:url\" content=\"https:\/\/kcdf.org\/toolkit\/nga-dora-e-saj\/\" \/>\n<meta property=\"og:site_name\" content=\"Inclusive Economic Engagement\" \/>\n<meta property=\"article:modified_time\" content=\"2025-01-15T13:37:28+00:00\" \/>\n<meta property=\"og:image\" content=\"https:\/\/kcdf.org\/toolkit\/wp-content\/uploads\/2025\/01\/general-sticker-150x150.jpg\" \/>\n<meta name=\"twitter:card\" content=\"summary_large_image\" \/>\n<meta name=\"twitter:label1\" content=\"Est. reading time\" \/>\n\t<meta name=\"twitter:data1\" content=\"1 minute\" \/>\n<script type=\"application\/ld+json\" class=\"yoast-schema-graph\">{\"@context\":\"https:\/\/schema.org\",\"@graph\":[{\"@type\":\"WebPage\",\"@id\":\"https:\/\/kcdf.org\/toolkit\/nga-dora-e-saj\/\",\"url\":\"https:\/\/kcdf.org\/toolkit\/nga-dora-e-saj\/\",\"name\":\"Nga Dora e Saj - Inclusive Economic Engagement\",\"isPartOf\":{\"@id\":\"https:\/\/kcdf.org\/toolkit\/#website\"},\"datePublished\":\"2025-01-15T13:32:25+00:00\",\"dateModified\":\"2025-01-15T13:37:28+00:00\",\"breadcrumb\":{\"@id\":\"https:\/\/kcdf.org\/toolkit\/nga-dora-e-saj\/#breadcrumb\"},\"inLanguage\":\"en-US\",\"potentialAction\":[{\"@type\":\"ReadAction\",\"target\":[\"https:\/\/kcdf.org\/toolkit\/nga-dora-e-saj\/\"]}]},{\"@type\":\"BreadcrumbList\",\"@id\":\"https:\/\/kcdf.org\/toolkit\/nga-dora-e-saj\/#breadcrumb\",\"itemListElement\":[{\"@type\":\"ListItem\",\"position\":1,\"name\":\"Home\",\"item\":\"https:\/\/kcdf.org\/toolkit\/\"},{\"@type\":\"ListItem\",\"position\":2,\"name\":\"Nga Dora e Saj\"}]},{\"@type\":\"WebSite\",\"@id\":\"https:\/\/kcdf.org\/toolkit\/#website\",\"url\":\"https:\/\/kcdf.org\/toolkit\/\",\"name\":\"Inclusive Economic Engagement\",\"description\":\"\",\"potentialAction\":[{\"@type\":\"SearchAction\",\"target\":{\"@type\":\"EntryPoint\",\"urlTemplate\":\"https:\/\/kcdf.org\/toolkit\/?s={search_term_string}\"},\"query-input\":\"required name=search_term_string\"}],\"inLanguage\":\"en-US\"}]}<\/script>\n<!-- \/ Yoast SEO Premium plugin. -->","yoast_head_json":{"title":"Nga Dora e Saj - Inclusive Economic Engagement","robots":{"index":"index","follow":"follow","max-snippet":"max-snippet:-1","max-image-preview":"max-image-preview:large","max-video-preview":"max-video-preview:-1"},"canonical":"https:\/\/kcdf.org\/toolkit\/nga-dora-e-saj\/","og_locale":"en_US","og_type":"article","og_title":"Nga Dora e Saj","og_description":"Kampanja &#8220;Nga Dora e Saj&#8221; i dedikohet fuqis\u00eb, talentit dhe kreativitetit t\u00eb grave n\u00eb nd\u00ebrmarr\u00ebsi. \u00c7do produkt me sloganin e kampanj\u00ebs tregon nj\u00eb histori p\u00ebrkushtimi, aft\u00ebsie dhe inovacioni, i krijuar [&hellip;]","og_url":"https:\/\/kcdf.org\/toolkit\/nga-dora-e-saj\/","og_site_name":"Inclusive Economic Engagement","article_modified_time":"2025-01-15T13:37:28+00:00","og_image":[{"url":"https:\/\/kcdf.org\/toolkit\/wp-content\/uploads\/2025\/01\/general-sticker-150x150.jpg"}],"twitter_card":"summary_large_image","twitter_misc":{"Est. reading time":"1 minute"},"schema":{"@context":"https:\/\/schema.org","@graph":[{"@type":"WebPage","@id":"https:\/\/kcdf.org\/toolkit\/nga-dora-e-saj\/","url":"https:\/\/kcdf.org\/toolkit\/nga-dora-e-saj\/","name":"Nga Dora e Saj - Inclusive Economic Engagement","isPartOf":{"@id":"https:\/\/kcdf.org\/toolkit\/#website"},"datePublished":"2025-01-15T13:32:25+00:00","dateModified":"2025-01-15T13:37:28+00:00","breadcrumb":{"@id":"https:\/\/kcdf.org\/toolkit\/nga-dora-e-saj\/#breadcrumb"},"inLanguage":"en-US","potentialAction":[{"@type":"ReadAction","target":["https:\/\/kcdf.org\/toolkit\/nga-dora-e-saj\/"]}]},{"@type":"BreadcrumbList","@id":"https:\/\/kcdf.org\/toolkit\/nga-dora-e-saj\/#breadcrumb","itemListElement":[{"@type":"ListItem","position":1,"name":"Home","item":"https:\/\/kcdf.org\/toolkit\/"},{"@type":"ListItem","position":2,"name":"Nga Dora e Saj"}]},{"@type":"WebSite","@id":"https:\/\/kcdf.org\/toolkit\/#website","url":"https:\/\/kcdf.org\/toolkit\/","name":"Inclusive Economic Engagement","description":"","potentialAction":[{"@type":"SearchAction","target":{"@type":"EntryPoint","urlTemplate":"https:\/\/kcdf.org\/toolkit\/?s={search_term_string}"},"query-input":"required name=search_term_string"}],"inLanguage":"en-US"}]}},"_links":{"self":[{"href":"https:\/\/kcdf.org\/toolkit\/wp-json\/wp\/v2\/pages\/7636"}],"collection":[{"href":"https:\/\/kcdf.org\/toolkit\/wp-json\/wp\/v2\/pages"}],"about":[{"href":"https:\/\/kcdf.org\/toolkit\/wp-json\/wp\/v2\/types\/page"}],"author":[{"embeddable":true,"href":"https:\/\/kcdf.org\/toolkit\/wp-json\/wp\/v2\/users\/3"}],"replies":[{"embeddable":true,"href":"https:\/\/kcdf.org\/toolkit\/wp-json\/wp\/v2\/comments?post=7636"}],"version-history":[{"count":4,"href":"https:\/\/kcdf.org\/toolkit\/wp-json\/wp\/v2\/pages\/7636\/revisions"}],"predecessor-version":[{"id":7640,"href":"https:\/\/kcdf.org\/toolkit\/wp-json\/wp\/v2\/pages\/7636\/revisions\/7640"}],"wp:attachment":[{"href":"https:\/\/kcdf.org\/toolkit\/wp-json\/wp\/v2\/media?parent=7636"}],"curies":[{"name":"wp","href":"https:\/\/api.w.org\/{rel}","templated":true}]}}