{"id":3219,"date":"2023-08-30T13:15:22","date_gmt":"2023-08-30T13:15:22","guid":{"rendered":"https:\/\/toolkit.bbroshost.com\/?page_id=3219"},"modified":"2025-01-14T09:42:27","modified_gmt":"2025-01-14T09:42:27","slug":"o-ieea","status":"publish","type":"page","link":"https:\/\/kcdf.org\/toolkit\/sr\/o-ieea\/","title":{"rendered":"O Sveobuhvatni Ekonomski Razvoj"},"content":{"rendered":"\t\t<div data-elementor-type=\"wp-page\" data-elementor-id=\"3219\" class=\"elementor elementor-3219\" data-elementor-post-type=\"page\">\n\t\t\t\t<div class=\"elementor-element elementor-element-b015cd8 e-flex e-con-boxed e-con e-parent\" data-id=\"b015cd8\" data-element_type=\"container\" data-settings=\"{&quot;background_background&quot;:&quot;classic&quot;}\">\n\t\t\t\t\t<div class=\"e-con-inner\">\n\t\t\t\t<div class=\"elementor-element elementor-element-645da75 elementor-widget elementor-widget-heading\" data-id=\"645da75\" data-element_type=\"widget\" data-widget_type=\"heading.default\">\n\t\t\t\t<div class=\"elementor-widget-container\">\n\t\t\t<style>\/*! elementor - v3.22.0 - 26-06-2024 *\/\n.elementor-heading-title{padding:0;margin:0;line-height:1}.elementor-widget-heading .elementor-heading-title[class*=elementor-size-]>a{color:inherit;font-size:inherit;line-height:inherit}.elementor-widget-heading .elementor-heading-title.elementor-size-small{font-size:15px}.elementor-widget-heading .elementor-heading-title.elementor-size-medium{font-size:19px}.elementor-widget-heading .elementor-heading-title.elementor-size-large{font-size:29px}.elementor-widget-heading .elementor-heading-title.elementor-size-xl{font-size:39px}.elementor-widget-heading .elementor-heading-title.elementor-size-xxl{font-size:59px}<\/style><h2 class=\"elementor-heading-title elementor-size-default\">Iz Njene Ruke<\/h2>\t\t<\/div>\n\t\t\t\t<\/div>\n\t\t\t\t\t<\/div>\n\t\t\t\t<\/div>\n\t\t<div class=\"elementor-element elementor-element-e5d2598 e-grid e-con-boxed e-con e-parent\" data-id=\"e5d2598\" data-element_type=\"container\">\n\t\t\t\t\t<div class=\"e-con-inner\">\n\t\t<div class=\"elementor-element elementor-element-42671b2 e-flex e-con-boxed e-con e-child\" data-id=\"42671b2\" data-element_type=\"container\">\n\t\t\t\t\t<div class=\"e-con-inner\">\n\t\t\t\t<div class=\"elementor-element elementor-element-dee8025 elementor-widget elementor-widget-text-editor\" data-id=\"dee8025\" data-element_type=\"widget\" data-widget_type=\"text-editor.default\">\n\t\t\t\t<div class=\"elementor-widget-container\">\n\t\t\t<style>\/*! elementor - v3.22.0 - 26-06-2024 *\/\n.elementor-widget-text-editor.elementor-drop-cap-view-stacked .elementor-drop-cap{background-color:#69727d;color:#fff}.elementor-widget-text-editor.elementor-drop-cap-view-framed .elementor-drop-cap{color:#69727d;border:3px solid;background-color:transparent}.elementor-widget-text-editor:not(.elementor-drop-cap-view-default) .elementor-drop-cap{margin-top:8px}.elementor-widget-text-editor:not(.elementor-drop-cap-view-default) .elementor-drop-cap-letter{width:1em;height:1em}.elementor-widget-text-editor .elementor-drop-cap{float:left;text-align:center;line-height:1;font-size:50px}.elementor-widget-text-editor .elementor-drop-cap-letter{display:inline-block}<\/style>\t\t\t\t<p>Kampanja \u201eIz njene ruke\u201c posve\u0107ena je prepoznavanju <strong>snage<\/strong>, <strong>talenta<\/strong> i <strong>kreativnosti<\/strong> \u017eena u preduzetni\u0161tvu. Svaki proizvod koji nosi slogan kampanje pri\u010da pri\u010du o posve\u0107enosti, ve\u0161tini i inovaciji, <strong>kreiran od strane \u017eena<\/strong> koje doprinose poslovnom pejza\u017eu.<\/p>\n<p>Misija kampanje je da <strong>promeni percepcije<\/strong> i <strong>promovi\u0161e<\/strong> doprinose \u017eena, podsti\u010du\u0107i potro\u0161a\u010de da podr\u017ee preduze\u0107a u vlasni\u0161tvu \u017eena i prepoznaju njihovu vrednost na tr\u017ei\u0161tu.<\/p><p><span style=\"color: var( --e-global-color-text ); text-align: var(--text-align);\">\u201eIz njene ruke\u201c poziva sve da se pridru\u017ee pokretu koji odaje priznanje doprinosu \u017eena, menja percepcije i zala\u017ee se za <\/span><strong style=\"color: var( --e-global-color-text ); text-align: var(--text-align);\">inkluzivnije tr\u017ei\u0161te<\/strong><span style=\"color: var( --e-global-color-text ); text-align: var(--text-align);\">. Podr\u017eavanjem ove kampanje postajete deo kolektivnog napora da se slave i osna\u017ee \u017eenska preduze\u0107a u razli\u010ditim industrijama.<\/span><\/p>\t\t\t\t\t\t<\/div>\n\t\t\t\t<\/div>\n\t\t\t\t\t<\/div>\n\t\t\t\t<\/div>\n\t\t\t\t\t<\/div>\n\t\t\t\t<\/div>\n\t\t<div class=\"elementor-element elementor-element-d71afcc e-grid e-con-boxed e-con e-parent\" data-id=\"d71afcc\" data-element_type=\"container\">\n\t\t\t\t\t<div class=\"e-con-inner\">\n\t\t\t\t<div class=\"elementor-element elementor-element-348bc51 elementor-widget elementor-widget-image\" data-id=\"348bc51\" data-element_type=\"widget\" data-widget_type=\"image.default\">\n\t\t\t\t<div class=\"elementor-widget-container\">\n\t\t\t<style>\/*! elementor - v3.22.0 - 26-06-2024 *\/\n.elementor-widget-image{text-align:center}.elementor-widget-image a{display:inline-block}.elementor-widget-image a img[src$=\".svg\"]{width:48px}.elementor-widget-image img{vertical-align:middle;display:inline-block}<\/style>\t\t\t\t\t\t\t<figure class=\"wp-caption\">\n\t\t\t\t\t\t\t\t\t\t<img fetchpriority=\"high\" decoding=\"async\" width=\"800\" height=\"800\" src=\"https:\/\/kcdf.org\/toolkit\/wp-content\/uploads\/2025\/01\/dora-srb-10.jpg\" class=\"attachment-large size-large wp-image-7620\" alt=\"\" srcset=\"https:\/\/kcdf.org\/toolkit\/wp-content\/uploads\/2025\/01\/dora-srb-10.jpg 993w, https:\/\/kcdf.org\/toolkit\/wp-content\/uploads\/2025\/01\/dora-srb-10-300x300.jpg 300w, https:\/\/kcdf.org\/toolkit\/wp-content\/uploads\/2025\/01\/dora-srb-10-150x150.jpg 150w, https:\/\/kcdf.org\/toolkit\/wp-content\/uploads\/2025\/01\/dora-srb-10-768x768.jpg 768w\" sizes=\"(max-width: 800px) 100vw, 800px\" \/>\t\t\t\t\t\t\t\t\t\t\t<figcaption class=\"widget-image-caption wp-caption-text\">Slogani za kampanju uop\u0161te<\/figcaption>\n\t\t\t\t\t\t\t\t\t\t<\/figure>\n\t\t\t\t\t\t\t<\/div>\n\t\t\t\t<\/div>\n\t\t\t\t<div class=\"elementor-element elementor-element-fcc39bc elementor-widget elementor-widget-image\" data-id=\"fcc39bc\" data-element_type=\"widget\" data-widget_type=\"image.default\">\n\t\t\t\t<div class=\"elementor-widget-container\">\n\t\t\t\t\t\t\t\t\t\t<figure class=\"wp-caption\">\n\t\t\t\t\t\t\t\t\t\t<img decoding=\"async\" width=\"800\" height=\"800\" src=\"https:\/\/kcdf.org\/toolkit\/wp-content\/uploads\/2025\/01\/dora-srb-09.jpg\" class=\"attachment-large size-large wp-image-7619\" alt=\"\" srcset=\"https:\/\/kcdf.org\/toolkit\/wp-content\/uploads\/2025\/01\/dora-srb-09.jpg 993w, https:\/\/kcdf.org\/toolkit\/wp-content\/uploads\/2025\/01\/dora-srb-09-300x300.jpg 300w, https:\/\/kcdf.org\/toolkit\/wp-content\/uploads\/2025\/01\/dora-srb-09-150x150.jpg 150w, https:\/\/kcdf.org\/toolkit\/wp-content\/uploads\/2025\/01\/dora-srb-09-768x768.jpg 768w\" sizes=\"(max-width: 800px) 100vw, 800px\" \/>\t\t\t\t\t\t\t\t\t\t\t<figcaption class=\"widget-image-caption wp-caption-text\">Slogani za preduze\u0107a u sektoru pi\u0107a<\/figcaption>\n\t\t\t\t\t\t\t\t\t\t<\/figure>\n\t\t\t\t\t\t\t<\/div>\n\t\t\t\t<\/div>\n\t\t\t\t<div class=\"elementor-element elementor-element-18de45a elementor-widget elementor-widget-image\" data-id=\"18de45a\" data-element_type=\"widget\" data-widget_type=\"image.default\">\n\t\t\t\t<div class=\"elementor-widget-container\">\n\t\t\t\t\t\t\t\t\t\t<figure class=\"wp-caption\">\n\t\t\t\t\t\t\t\t\t\t<img decoding=\"async\" width=\"800\" height=\"800\" src=\"https:\/\/kcdf.org\/toolkit\/wp-content\/uploads\/2025\/01\/dora-srb-08.jpg\" class=\"attachment-large size-large wp-image-7618\" alt=\"\" srcset=\"https:\/\/kcdf.org\/toolkit\/wp-content\/uploads\/2025\/01\/dora-srb-08.jpg 993w, https:\/\/kcdf.org\/toolkit\/wp-content\/uploads\/2025\/01\/dora-srb-08-300x300.jpg 300w, https:\/\/kcdf.org\/toolkit\/wp-content\/uploads\/2025\/01\/dora-srb-08-150x150.jpg 150w, https:\/\/kcdf.org\/toolkit\/wp-content\/uploads\/2025\/01\/dora-srb-08-768x768.jpg 768w\" sizes=\"(max-width: 800px) 100vw, 800px\" \/>\t\t\t\t\t\t\t\t\t\t\t<figcaption class=\"widget-image-caption wp-caption-text\">Slogani za preduze\u0107a u sektoru mode i dizajna<\/figcaption>\n\t\t\t\t\t\t\t\t\t\t<\/figure>\n\t\t\t\t\t\t\t<\/div>\n\t\t\t\t<\/div>\n\t\t\t\t<div class=\"elementor-element elementor-element-eec7c46 elementor-widget elementor-widget-image\" data-id=\"eec7c46\" data-element_type=\"widget\" data-widget_type=\"image.default\">\n\t\t\t\t<div class=\"elementor-widget-container\">\n\t\t\t\t\t\t\t\t\t\t<figure class=\"wp-caption\">\n\t\t\t\t\t\t\t\t\t\t<img loading=\"lazy\" decoding=\"async\" width=\"800\" height=\"800\" src=\"https:\/\/kcdf.org\/toolkit\/wp-content\/uploads\/2025\/01\/dora-srb-07.jpg\" class=\"attachment-large size-large wp-image-7617\" alt=\"\" srcset=\"https:\/\/kcdf.org\/toolkit\/wp-content\/uploads\/2025\/01\/dora-srb-07.jpg 993w, https:\/\/kcdf.org\/toolkit\/wp-content\/uploads\/2025\/01\/dora-srb-07-300x300.jpg 300w, https:\/\/kcdf.org\/toolkit\/wp-content\/uploads\/2025\/01\/dora-srb-07-150x150.jpg 150w, https:\/\/kcdf.org\/toolkit\/wp-content\/uploads\/2025\/01\/dora-srb-07-768x768.jpg 768w\" sizes=\"(max-width: 800px) 100vw, 800px\" \/>\t\t\t\t\t\t\t\t\t\t\t<figcaption class=\"widget-image-caption wp-caption-text\">Slogani za preduze\u0107a u sektoru usluga<\/figcaption>\n\t\t\t\t\t\t\t\t\t\t<\/figure>\n\t\t\t\t\t\t\t<\/div>\n\t\t\t\t<\/div>\n\t\t\t\t<div class=\"elementor-element elementor-element-5d30e24 elementor-widget elementor-widget-image\" data-id=\"5d30e24\" data-element_type=\"widget\" data-widget_type=\"image.default\">\n\t\t\t\t<div class=\"elementor-widget-container\">\n\t\t\t\t\t\t\t\t\t\t<figure class=\"wp-caption\">\n\t\t\t\t\t\t\t\t\t\t<img loading=\"lazy\" decoding=\"async\" width=\"800\" height=\"800\" src=\"https:\/\/kcdf.org\/toolkit\/wp-content\/uploads\/2025\/01\/dora-srb-06.jpg\" class=\"attachment-large size-large wp-image-7616\" alt=\"\" srcset=\"https:\/\/kcdf.org\/toolkit\/wp-content\/uploads\/2025\/01\/dora-srb-06.jpg 993w, https:\/\/kcdf.org\/toolkit\/wp-content\/uploads\/2025\/01\/dora-srb-06-300x300.jpg 300w, https:\/\/kcdf.org\/toolkit\/wp-content\/uploads\/2025\/01\/dora-srb-06-150x150.jpg 150w, https:\/\/kcdf.org\/toolkit\/wp-content\/uploads\/2025\/01\/dora-srb-06-768x768.jpg 768w\" sizes=\"(max-width: 800px) 100vw, 800px\" \/>\t\t\t\t\t\t\t\t\t\t\t<figcaption class=\"widget-image-caption wp-caption-text\">Slogani za preduze\u0107a u sektoru slatki\u0161a<\/figcaption>\n\t\t\t\t\t\t\t\t\t\t<\/figure>\n\t\t\t\t\t\t\t<\/div>\n\t\t\t\t<\/div>\n\t\t\t\t<div class=\"elementor-element elementor-element-c8f3cf0 elementor-widget elementor-widget-image\" data-id=\"c8f3cf0\" data-element_type=\"widget\" data-widget_type=\"image.default\">\n\t\t\t\t<div class=\"elementor-widget-container\">\n\t\t\t\t\t\t\t\t\t\t<figure class=\"wp-caption\">\n\t\t\t\t\t\t\t\t\t\t<img loading=\"lazy\" decoding=\"async\" width=\"800\" height=\"800\" src=\"https:\/\/kcdf.org\/toolkit\/wp-content\/uploads\/2025\/01\/dora-srb-05.jpg\" class=\"attachment-large size-large wp-image-7615\" alt=\"\" srcset=\"https:\/\/kcdf.org\/toolkit\/wp-content\/uploads\/2025\/01\/dora-srb-05.jpg 993w, https:\/\/kcdf.org\/toolkit\/wp-content\/uploads\/2025\/01\/dora-srb-05-300x300.jpg 300w, https:\/\/kcdf.org\/toolkit\/wp-content\/uploads\/2025\/01\/dora-srb-05-150x150.jpg 150w, https:\/\/kcdf.org\/toolkit\/wp-content\/uploads\/2025\/01\/dora-srb-05-768x768.jpg 768w\" sizes=\"(max-width: 800px) 100vw, 800px\" \/>\t\t\t\t\t\t\t\t\t\t\t<figcaption class=\"widget-image-caption wp-caption-text\">Slogani za preduze\u0107a u sektoru zdravlja i dobrobiti<\/figcaption>\n\t\t\t\t\t\t\t\t\t\t<\/figure>\n\t\t\t\t\t\t\t<\/div>\n\t\t\t\t<\/div>\n\t\t\t\t<div class=\"elementor-element elementor-element-ba71575 elementor-widget elementor-widget-image\" data-id=\"ba71575\" data-element_type=\"widget\" data-widget_type=\"image.default\">\n\t\t\t\t<div class=\"elementor-widget-container\">\n\t\t\t\t\t\t\t\t\t\t<figure class=\"wp-caption\">\n\t\t\t\t\t\t\t\t\t\t<img loading=\"lazy\" decoding=\"async\" width=\"800\" height=\"800\" src=\"https:\/\/kcdf.org\/toolkit\/wp-content\/uploads\/2025\/01\/dora-srb-04.jpg\" class=\"attachment-large size-large wp-image-7614\" alt=\"\" srcset=\"https:\/\/kcdf.org\/toolkit\/wp-content\/uploads\/2025\/01\/dora-srb-04.jpg 993w, https:\/\/kcdf.org\/toolkit\/wp-content\/uploads\/2025\/01\/dora-srb-04-300x300.jpg 300w, https:\/\/kcdf.org\/toolkit\/wp-content\/uploads\/2025\/01\/dora-srb-04-150x150.jpg 150w, https:\/\/kcdf.org\/toolkit\/wp-content\/uploads\/2025\/01\/dora-srb-04-768x768.jpg 768w\" sizes=\"(max-width: 800px) 100vw, 800px\" \/>\t\t\t\t\t\t\t\t\t\t\t<figcaption class=\"widget-image-caption wp-caption-text\">Slogani za preduze\u0107a u sektoru obrazovanja<\/figcaption>\n\t\t\t\t\t\t\t\t\t\t<\/figure>\n\t\t\t\t\t\t\t<\/div>\n\t\t\t\t<\/div>\n\t\t\t\t<div class=\"elementor-element elementor-element-04bde5b elementor-widget elementor-widget-image\" data-id=\"04bde5b\" data-element_type=\"widget\" data-widget_type=\"image.default\">\n\t\t\t\t<div class=\"elementor-widget-container\">\n\t\t\t\t\t\t\t\t\t\t<figure class=\"wp-caption\">\n\t\t\t\t\t\t\t\t\t\t<img loading=\"lazy\" decoding=\"async\" width=\"800\" height=\"800\" src=\"https:\/\/kcdf.org\/toolkit\/wp-content\/uploads\/2025\/01\/dora-srb-03.jpg\" class=\"attachment-large size-large wp-image-7613\" alt=\"\" srcset=\"https:\/\/kcdf.org\/toolkit\/wp-content\/uploads\/2025\/01\/dora-srb-03.jpg 993w, https:\/\/kcdf.org\/toolkit\/wp-content\/uploads\/2025\/01\/dora-srb-03-300x300.jpg 300w, https:\/\/kcdf.org\/toolkit\/wp-content\/uploads\/2025\/01\/dora-srb-03-150x150.jpg 150w, https:\/\/kcdf.org\/toolkit\/wp-content\/uploads\/2025\/01\/dora-srb-03-768x768.jpg 768w\" sizes=\"(max-width: 800px) 100vw, 800px\" \/>\t\t\t\t\t\t\t\t\t\t\t<figcaption class=\"widget-image-caption wp-caption-text\">Slogani za preduze\u0107a u sektoru proizvodnje<\/figcaption>\n\t\t\t\t\t\t\t\t\t\t<\/figure>\n\t\t\t\t\t\t\t<\/div>\n\t\t\t\t<\/div>\n\t\t\t\t<div class=\"elementor-element elementor-element-6dd912a elementor-widget elementor-widget-image\" data-id=\"6dd912a\" data-element_type=\"widget\" data-widget_type=\"image.default\">\n\t\t\t\t<div class=\"elementor-widget-container\">\n\t\t\t\t\t\t\t\t\t\t<figure class=\"wp-caption\">\n\t\t\t\t\t\t\t\t\t\t<img loading=\"lazy\" decoding=\"async\" width=\"800\" height=\"800\" src=\"https:\/\/kcdf.org\/toolkit\/wp-content\/uploads\/2025\/01\/dora-srb-02.jpg\" class=\"attachment-large size-large wp-image-7612\" alt=\"\" srcset=\"https:\/\/kcdf.org\/toolkit\/wp-content\/uploads\/2025\/01\/dora-srb-02.jpg 993w, https:\/\/kcdf.org\/toolkit\/wp-content\/uploads\/2025\/01\/dora-srb-02-300x300.jpg 300w, https:\/\/kcdf.org\/toolkit\/wp-content\/uploads\/2025\/01\/dora-srb-02-150x150.jpg 150w, https:\/\/kcdf.org\/toolkit\/wp-content\/uploads\/2025\/01\/dora-srb-02-768x768.jpg 768w\" sizes=\"(max-width: 800px) 100vw, 800px\" \/>\t\t\t\t\t\t\t\t\t\t\t<figcaption class=\"widget-image-caption wp-caption-text\">Slogani za preduze\u0107a u sektoru poljoprivrede<\/figcaption>\n\t\t\t\t\t\t\t\t\t\t<\/figure>\n\t\t\t\t\t\t\t<\/div>\n\t\t\t\t<\/div>\n\t\t\t\t<div class=\"elementor-element elementor-element-837d7aa elementor-widget elementor-widget-image\" data-id=\"837d7aa\" data-element_type=\"widget\" data-widget_type=\"image.default\">\n\t\t\t\t<div class=\"elementor-widget-container\">\n\t\t\t\t\t\t\t\t\t\t<figure class=\"wp-caption\">\n\t\t\t\t\t\t\t\t\t\t<img loading=\"lazy\" decoding=\"async\" width=\"800\" height=\"800\" src=\"https:\/\/kcdf.org\/toolkit\/wp-content\/uploads\/2025\/01\/dora-srb-01.jpg\" class=\"attachment-large size-large wp-image-7611\" alt=\"\" srcset=\"https:\/\/kcdf.org\/toolkit\/wp-content\/uploads\/2025\/01\/dora-srb-01.jpg 993w, https:\/\/kcdf.org\/toolkit\/wp-content\/uploads\/2025\/01\/dora-srb-01-300x300.jpg 300w, https:\/\/kcdf.org\/toolkit\/wp-content\/uploads\/2025\/01\/dora-srb-01-150x150.jpg 150w, https:\/\/kcdf.org\/toolkit\/wp-content\/uploads\/2025\/01\/dora-srb-01-768x768.jpg 768w\" sizes=\"(max-width: 800px) 100vw, 800px\" \/>\t\t\t\t\t\t\t\t\t\t\t<figcaption class=\"widget-image-caption wp-caption-text\">Slogani za preduze\u0107a u sektoru hrane<\/figcaption>\n\t\t\t\t\t\t\t\t\t\t<\/figure>\n\t\t\t\t\t\t\t<\/div>\n\t\t\t\t<\/div>\n\t\t\t\t\t<\/div>\n\t\t\t\t<\/div>\n\t\t\t\t<\/div>\n\t\t","protected":false},"excerpt":{"rendered":"<p>Iz Njene Ruke Kampanja \u201eIz njene ruke\u201c posve\u0107ena je prepoznavanju snage, talenta i kreativnosti \u017eena u preduzetni\u0161tvu. Svaki proizvod koji nosi slogan kampanje pri\u010da pri\u010du o posve\u0107enosti, ve\u0161tini i inovaciji, [&hellip;]<\/p>\n","protected":false},"author":1,"featured_media":0,"parent":0,"menu_order":0,"comment_status":"closed","ping_status":"closed","template":"","meta":{"footnotes":""},"class_list":["post-3219","page","type-page","status-publish","hentry"],"yoast_head":"<!-- This site is optimized with the Yoast SEO Premium plugin v21.5 (Yoast SEO v21.5) - https:\/\/yoast.com\/wordpress\/plugins\/seo\/ -->\n<title>O Sveobuhvatni Ekonomski Razvoj - Inclusive Economic Engagement<\/title>\n<meta name=\"robots\" content=\"index, follow, max-snippet:-1, max-image-preview:large, max-video-preview:-1\" \/>\n<link rel=\"canonical\" href=\"https:\/\/kcdf.org\/toolkit\/sr\/o-ieea\/\" \/>\n<meta property=\"og:locale\" content=\"en_US\" \/>\n<meta property=\"og:type\" content=\"article\" \/>\n<meta property=\"og:title\" content=\"O Sveobuhvatni Ekonomski Razvoj\" \/>\n<meta property=\"og:description\" content=\"Iz Njene Ruke Kampanja \u201eIz njene ruke\u201c posve\u0107ena je prepoznavanju snage, talenta i kreativnosti \u017eena u preduzetni\u0161tvu. Svaki proizvod koji nosi slogan kampanje pri\u010da pri\u010du o posve\u0107enosti, ve\u0161tini i inovaciji, [&hellip;]\" \/>\n<meta property=\"og:url\" content=\"https:\/\/kcdf.org\/toolkit\/sr\/o-ieea\/\" \/>\n<meta property=\"og:site_name\" content=\"Inclusive Economic Engagement\" \/>\n<meta property=\"article:modified_time\" content=\"2025-01-14T09:42:27+00:00\" \/>\n<meta property=\"og:image\" content=\"https:\/\/kcdf.org\/toolkit\/wp-content\/uploads\/2025\/01\/dora-srb-10.jpg\" \/>\n<meta name=\"twitter:card\" content=\"summary_large_image\" \/>\n<meta name=\"twitter:label1\" content=\"Est. reading time\" \/>\n\t<meta name=\"twitter:data1\" content=\"3 minutes\" \/>\n<script type=\"application\/ld+json\" class=\"yoast-schema-graph\">{\"@context\":\"https:\/\/schema.org\",\"@graph\":[{\"@type\":\"WebPage\",\"@id\":\"https:\/\/kcdf.org\/toolkit\/sr\/o-ieea\/\",\"url\":\"https:\/\/kcdf.org\/toolkit\/sr\/o-ieea\/\",\"name\":\"O Sveobuhvatni Ekonomski Razvoj - Inclusive Economic Engagement\",\"isPartOf\":{\"@id\":\"https:\/\/kcdf.org\/toolkit\/#website\"},\"datePublished\":\"2023-08-30T13:15:22+00:00\",\"dateModified\":\"2025-01-14T09:42:27+00:00\",\"breadcrumb\":{\"@id\":\"https:\/\/kcdf.org\/toolkit\/sr\/o-ieea\/#breadcrumb\"},\"inLanguage\":\"en-US\",\"potentialAction\":[{\"@type\":\"ReadAction\",\"target\":[\"https:\/\/kcdf.org\/toolkit\/sr\/o-ieea\/\"]}]},{\"@type\":\"BreadcrumbList\",\"@id\":\"https:\/\/kcdf.org\/toolkit\/sr\/o-ieea\/#breadcrumb\",\"itemListElement\":[{\"@type\":\"ListItem\",\"position\":1,\"name\":\"Home\",\"item\":\"https:\/\/kcdf.org\/toolkit\/\"},{\"@type\":\"ListItem\",\"position\":2,\"name\":\"O Sveobuhvatni Ekonomski Razvoj\"}]},{\"@type\":\"WebSite\",\"@id\":\"https:\/\/kcdf.org\/toolkit\/#website\",\"url\":\"https:\/\/kcdf.org\/toolkit\/\",\"name\":\"Inclusive Economic Engagement\",\"description\":\"\",\"potentialAction\":[{\"@type\":\"SearchAction\",\"target\":{\"@type\":\"EntryPoint\",\"urlTemplate\":\"https:\/\/kcdf.org\/toolkit\/?s={search_term_string}\"},\"query-input\":\"required name=search_term_string\"}],\"inLanguage\":\"en-US\"}]}<\/script>\n<!-- \/ Yoast SEO Premium plugin. -->","yoast_head_json":{"title":"O Sveobuhvatni Ekonomski Razvoj - Inclusive Economic Engagement","robots":{"index":"index","follow":"follow","max-snippet":"max-snippet:-1","max-image-preview":"max-image-preview:large","max-video-preview":"max-video-preview:-1"},"canonical":"https:\/\/kcdf.org\/toolkit\/sr\/o-ieea\/","og_locale":"en_US","og_type":"article","og_title":"O Sveobuhvatni Ekonomski Razvoj","og_description":"Iz Njene Ruke Kampanja \u201eIz njene ruke\u201c posve\u0107ena je prepoznavanju snage, talenta i kreativnosti \u017eena u preduzetni\u0161tvu. Svaki proizvod koji nosi slogan kampanje pri\u010da pri\u010du o posve\u0107enosti, ve\u0161tini i inovaciji, [&hellip;]","og_url":"https:\/\/kcdf.org\/toolkit\/sr\/o-ieea\/","og_site_name":"Inclusive Economic Engagement","article_modified_time":"2025-01-14T09:42:27+00:00","og_image":[{"url":"https:\/\/kcdf.org\/toolkit\/wp-content\/uploads\/2025\/01\/dora-srb-10.jpg"}],"twitter_card":"summary_large_image","twitter_misc":{"Est. reading time":"3 minutes"},"schema":{"@context":"https:\/\/schema.org","@graph":[{"@type":"WebPage","@id":"https:\/\/kcdf.org\/toolkit\/sr\/o-ieea\/","url":"https:\/\/kcdf.org\/toolkit\/sr\/o-ieea\/","name":"O Sveobuhvatni Ekonomski Razvoj - Inclusive Economic Engagement","isPartOf":{"@id":"https:\/\/kcdf.org\/toolkit\/#website"},"datePublished":"2023-08-30T13:15:22+00:00","dateModified":"2025-01-14T09:42:27+00:00","breadcrumb":{"@id":"https:\/\/kcdf.org\/toolkit\/sr\/o-ieea\/#breadcrumb"},"inLanguage":"en-US","potentialAction":[{"@type":"ReadAction","target":["https:\/\/kcdf.org\/toolkit\/sr\/o-ieea\/"]}]},{"@type":"BreadcrumbList","@id":"https:\/\/kcdf.org\/toolkit\/sr\/o-ieea\/#breadcrumb","itemListElement":[{"@type":"ListItem","position":1,"name":"Home","item":"https:\/\/kcdf.org\/toolkit\/"},{"@type":"ListItem","position":2,"name":"O Sveobuhvatni Ekonomski Razvoj"}]},{"@type":"WebSite","@id":"https:\/\/kcdf.org\/toolkit\/#website","url":"https:\/\/kcdf.org\/toolkit\/","name":"Inclusive Economic Engagement","description":"","potentialAction":[{"@type":"SearchAction","target":{"@type":"EntryPoint","urlTemplate":"https:\/\/kcdf.org\/toolkit\/?s={search_term_string}"},"query-input":"required name=search_term_string"}],"inLanguage":"en-US"}]}},"_links":{"self":[{"href":"https:\/\/kcdf.org\/toolkit\/wp-json\/wp\/v2\/pages\/3219"}],"collection":[{"href":"https:\/\/kcdf.org\/toolkit\/wp-json\/wp\/v2\/pages"}],"about":[{"href":"https:\/\/kcdf.org\/toolkit\/wp-json\/wp\/v2\/types\/page"}],"author":[{"embeddable":true,"href":"https:\/\/kcdf.org\/toolkit\/wp-json\/wp\/v2\/users\/1"}],"replies":[{"embeddable":true,"href":"https:\/\/kcdf.org\/toolkit\/wp-json\/wp\/v2\/comments?post=3219"}],"version-history":[{"count":4,"href":"https:\/\/kcdf.org\/toolkit\/wp-json\/wp\/v2\/pages\/3219\/revisions"}],"predecessor-version":[{"id":7625,"href":"https:\/\/kcdf.org\/toolkit\/wp-json\/wp\/v2\/pages\/3219\/revisions\/7625"}],"wp:attachment":[{"href":"https:\/\/kcdf.org\/toolkit\/wp-json\/wp\/v2\/media?parent=3219"}],"curies":[{"name":"wp","href":"https:\/\/api.w.org\/{rel}","templated":true}]}}