{"id":3200,"date":"2023-08-29T18:44:12","date_gmt":"2023-08-29T18:44:12","guid":{"rendered":"https:\/\/toolkit.bbroshost.com\/?page_id=3200"},"modified":"2025-01-14T09:20:15","modified_gmt":"2025-01-14T09:20:15","slug":"rreth-ieea","status":"publish","type":"page","link":"https:\/\/kcdf.org\/toolkit\/sq\/rreth-ieea\/","title":{"rendered":"Nga Dora e Saj"},"content":{"rendered":"\t\t<div data-elementor-type=\"wp-page\" data-elementor-id=\"3200\" class=\"elementor elementor-3200\" data-elementor-post-type=\"page\">\n\t\t\t\t<div class=\"elementor-element elementor-element-b015cd8 e-flex e-con-boxed e-con e-parent\" data-id=\"b015cd8\" data-element_type=\"container\" data-settings=\"{&quot;background_background&quot;:&quot;classic&quot;}\">\n\t\t\t\t\t<div class=\"e-con-inner\">\n\t\t\t\t\t<\/div>\n\t\t\t\t<\/div>\n\t\t<div class=\"elementor-element elementor-element-e5d2598 e-grid e-con-boxed e-con e-parent\" data-id=\"e5d2598\" data-element_type=\"container\">\n\t\t\t\t\t<div class=\"e-con-inner\">\n\t\t<div class=\"elementor-element elementor-element-42671b2 e-flex e-con-boxed e-con e-child\" data-id=\"42671b2\" data-element_type=\"container\">\n\t\t\t\t\t<div class=\"e-con-inner\">\n\t\t\t\t<div class=\"elementor-element elementor-element-dee8025 elementor-widget elementor-widget-text-editor\" data-id=\"dee8025\" data-element_type=\"widget\" data-widget_type=\"text-editor.default\">\n\t\t\t\t<div class=\"elementor-widget-container\">\n\t\t\t<style>\/*! elementor - v3.22.0 - 26-06-2024 *\/\n.elementor-widget-text-editor.elementor-drop-cap-view-stacked .elementor-drop-cap{background-color:#69727d;color:#fff}.elementor-widget-text-editor.elementor-drop-cap-view-framed .elementor-drop-cap{color:#69727d;border:3px solid;background-color:transparent}.elementor-widget-text-editor:not(.elementor-drop-cap-view-default) .elementor-drop-cap{margin-top:8px}.elementor-widget-text-editor:not(.elementor-drop-cap-view-default) .elementor-drop-cap-letter{width:1em;height:1em}.elementor-widget-text-editor .elementor-drop-cap{float:left;text-align:center;line-height:1;font-size:50px}.elementor-widget-text-editor .elementor-drop-cap-letter{display:inline-block}<\/style>\t\t\t\t<p>Kampanja &#8220;Nga Dora e Saj&#8221; i dedikohet <b>fuqis\u00eb<\/b>, <b>talentit <\/b>dhe <b>kreativitetit <\/b>t\u00eb <b>grave n\u00eb nd\u00ebrmarr\u00ebsi<\/b>. \u00c7do produkt me sloganin e kampanj\u00ebs tregon nj\u00eb histori p\u00ebrkushtimi, aft\u00ebsie dhe inovacioni, i krijuar nga gra q\u00eb kontribuojn\u00eb n\u00eb fush\u00ebn e biznesit.<\/p><p>Misioni i kampanj\u00ebs \u00ebsht\u00eb t\u00eb ndryshoj\u00eb <b>perceptimet <\/b>dhe t\u00eb <b>promovoj\u00eb <\/b>kontributin e grave, duke inkurajuar konsumator\u00ebt t\u00eb mb\u00ebshtesin bizneset n\u00eb pron\u00ebsi t\u00eb grave duke vler\u00ebsuar kontributin e tyre n\u00eb treg.<\/p><p>&#8220;Nga Dora e Saj&#8221; fton t\u00eb gjith\u00eb t\u00eb b\u00ebhen pjes\u00eb e nj\u00eb l\u00ebvizjeje q\u00eb nderon <b>kontributet <\/b>e grave, transformon perceptimet dhe avokon p\u00ebr nj\u00eb <b>treg m\u00eb gjith\u00ebp\u00ebrfshir\u00ebs<\/b>. Duke mb\u00ebshtetur k\u00ebt\u00eb fushat\u00eb, ju bashkoheni me nj\u00eb p\u00ebrpjekje kolektive p\u00ebr t\u00eb nderuar dhe fuqizuar grat\u00eb n\u00eb nd\u00ebrmarr\u00ebsi.\u00a0<\/p>\t\t\t\t\t\t<\/div>\n\t\t\t\t<\/div>\n\t\t\t\t\t<\/div>\n\t\t\t\t<\/div>\n\t\t\t\t\t<\/div>\n\t\t\t\t<\/div>\n\t\t<div class=\"elementor-element elementor-element-d8a05f3 e-flex e-con-boxed e-con e-parent\" data-id=\"d8a05f3\" data-element_type=\"container\">\n\t\t\t\t\t<div class=\"e-con-inner\">\n\t\t\t\t\t<\/div>\n\t\t\t\t<\/div>\n\t\t<div class=\"elementor-element elementor-element-fe2d8ba e-grid e-con-boxed e-con e-parent\" data-id=\"fe2d8ba\" data-element_type=\"container\">\n\t\t\t\t\t<div class=\"e-con-inner\">\n\t\t\t\t<div class=\"elementor-element elementor-element-500d658 elementor-widget elementor-widget-image\" data-id=\"500d658\" data-element_type=\"widget\" data-widget_type=\"image.default\">\n\t\t\t\t<div class=\"elementor-widget-container\">\n\t\t\t<style>\/*! elementor - v3.22.0 - 26-06-2024 *\/\n.elementor-widget-image{text-align:center}.elementor-widget-image a{display:inline-block}.elementor-widget-image a img[src$=\".svg\"]{width:48px}.elementor-widget-image img{vertical-align:middle;display:inline-block}<\/style>\t\t\t\t\t\t\t<figure class=\"wp-caption\">\n\t\t\t\t\t\t\t\t\t\t<img fetchpriority=\"high\" decoding=\"async\" width=\"800\" height=\"800\" src=\"https:\/\/kcdf.org\/toolkit\/wp-content\/uploads\/2025\/01\/general-sticker.jpg\" class=\"attachment-large size-large wp-image-7587\" alt=\"\" srcset=\"https:\/\/kcdf.org\/toolkit\/wp-content\/uploads\/2025\/01\/general-sticker.jpg 993w, https:\/\/kcdf.org\/toolkit\/wp-content\/uploads\/2025\/01\/general-sticker-300x300.jpg 300w, https:\/\/kcdf.org\/toolkit\/wp-content\/uploads\/2025\/01\/general-sticker-150x150.jpg 150w, https:\/\/kcdf.org\/toolkit\/wp-content\/uploads\/2025\/01\/general-sticker-768x768.jpg 768w\" sizes=\"(max-width: 800px) 100vw, 800px\" \/>\t\t\t\t\t\t\t\t\t\t\t<figcaption class=\"widget-image-caption wp-caption-text\">Slogani i p\u00ebrgjthsh\u00ebm i kampanj\u00ebs<\/figcaption>\n\t\t\t\t\t\t\t\t\t\t<\/figure>\n\t\t\t\t\t\t\t<\/div>\n\t\t\t\t<\/div>\n\t\t\t\t<div class=\"elementor-element elementor-element-08a0c9c elementor-widget elementor-widget-image\" data-id=\"08a0c9c\" data-element_type=\"widget\" data-widget_type=\"image.default\">\n\t\t\t\t<div class=\"elementor-widget-container\">\n\t\t\t\t\t\t\t\t\t\t<figure class=\"wp-caption\">\n\t\t\t\t\t\t\t\t\t\t<img decoding=\"async\" width=\"800\" height=\"800\" src=\"https:\/\/kcdf.org\/toolkit\/wp-content\/uploads\/2025\/01\/USHQIM.jpg\" class=\"attachment-large size-large wp-image-7586\" alt=\"\" srcset=\"https:\/\/kcdf.org\/toolkit\/wp-content\/uploads\/2025\/01\/USHQIM.jpg 993w, https:\/\/kcdf.org\/toolkit\/wp-content\/uploads\/2025\/01\/USHQIM-300x300.jpg 300w, https:\/\/kcdf.org\/toolkit\/wp-content\/uploads\/2025\/01\/USHQIM-150x150.jpg 150w, https:\/\/kcdf.org\/toolkit\/wp-content\/uploads\/2025\/01\/USHQIM-768x768.jpg 768w\" sizes=\"(max-width: 800px) 100vw, 800px\" \/>\t\t\t\t\t\t\t\t\t\t\t<figcaption class=\"widget-image-caption wp-caption-text\">Slogani p\u00ebr bizneset n\u00eb sektorin e Ushqimit<\/figcaption>\n\t\t\t\t\t\t\t\t\t\t<\/figure>\n\t\t\t\t\t\t\t<\/div>\n\t\t\t\t<\/div>\n\t\t\t\t<div class=\"elementor-element elementor-element-12d59c5 elementor-widget elementor-widget-image\" data-id=\"12d59c5\" data-element_type=\"widget\" data-widget_type=\"image.default\">\n\t\t\t\t<div class=\"elementor-widget-container\">\n\t\t\t\t\t\t\t\t\t\t<figure class=\"wp-caption\">\n\t\t\t\t\t\t\t\t\t\t<img decoding=\"async\" width=\"800\" height=\"800\" src=\"https:\/\/kcdf.org\/toolkit\/wp-content\/uploads\/2025\/01\/SHERBIM.jpg\" class=\"attachment-large size-large wp-image-7585\" alt=\"\" srcset=\"https:\/\/kcdf.org\/toolkit\/wp-content\/uploads\/2025\/01\/SHERBIM.jpg 993w, https:\/\/kcdf.org\/toolkit\/wp-content\/uploads\/2025\/01\/SHERBIM-300x300.jpg 300w, https:\/\/kcdf.org\/toolkit\/wp-content\/uploads\/2025\/01\/SHERBIM-150x150.jpg 150w, https:\/\/kcdf.org\/toolkit\/wp-content\/uploads\/2025\/01\/SHERBIM-768x768.jpg 768w\" sizes=\"(max-width: 800px) 100vw, 800px\" \/>\t\t\t\t\t\t\t\t\t\t\t<figcaption class=\"widget-image-caption wp-caption-text\">Slogani p\u00ebr bizneset n\u00eb sektorin e Sh\u00ebrbimeve<\/figcaption>\n\t\t\t\t\t\t\t\t\t\t<\/figure>\n\t\t\t\t\t\t\t<\/div>\n\t\t\t\t<\/div>\n\t\t\t\t<div class=\"elementor-element elementor-element-714d336 elementor-widget elementor-widget-image\" data-id=\"714d336\" data-element_type=\"widget\" data-widget_type=\"image.default\">\n\t\t\t\t<div class=\"elementor-widget-container\">\n\t\t\t\t\t\t\t\t\t\t<figure class=\"wp-caption\">\n\t\t\t\t\t\t\t\t\t\t<img loading=\"lazy\" decoding=\"async\" width=\"800\" height=\"800\" src=\"https:\/\/kcdf.org\/toolkit\/wp-content\/uploads\/2025\/01\/SHENDET-MIREQENIE.jpg\" class=\"attachment-large size-large wp-image-7584\" alt=\"\" srcset=\"https:\/\/kcdf.org\/toolkit\/wp-content\/uploads\/2025\/01\/SHENDET-MIREQENIE.jpg 993w, https:\/\/kcdf.org\/toolkit\/wp-content\/uploads\/2025\/01\/SHENDET-MIREQENIE-300x300.jpg 300w, https:\/\/kcdf.org\/toolkit\/wp-content\/uploads\/2025\/01\/SHENDET-MIREQENIE-150x150.jpg 150w, https:\/\/kcdf.org\/toolkit\/wp-content\/uploads\/2025\/01\/SHENDET-MIREQENIE-768x768.jpg 768w\" sizes=\"(max-width: 800px) 100vw, 800px\" \/>\t\t\t\t\t\t\t\t\t\t\t<figcaption class=\"widget-image-caption wp-caption-text\">Slogani p\u00ebr bizneset n\u00eb sektorin e Sh\u00ebndetit dhe Mir\u00ebqeni\u00ebs<\/figcaption>\n\t\t\t\t\t\t\t\t\t\t<\/figure>\n\t\t\t\t\t\t\t<\/div>\n\t\t\t\t<\/div>\n\t\t\t\t<div class=\"elementor-element elementor-element-c051536 elementor-widget elementor-widget-image\" data-id=\"c051536\" data-element_type=\"widget\" data-widget_type=\"image.default\">\n\t\t\t\t<div class=\"elementor-widget-container\">\n\t\t\t\t\t\t\t\t\t\t<figure class=\"wp-caption\">\n\t\t\t\t\t\t\t\t\t\t<img loading=\"lazy\" decoding=\"async\" width=\"800\" height=\"800\" src=\"https:\/\/kcdf.org\/toolkit\/wp-content\/uploads\/2025\/01\/PRODHIMTARI.jpg\" class=\"attachment-large size-large wp-image-7583\" alt=\"\" srcset=\"https:\/\/kcdf.org\/toolkit\/wp-content\/uploads\/2025\/01\/PRODHIMTARI.jpg 993w, https:\/\/kcdf.org\/toolkit\/wp-content\/uploads\/2025\/01\/PRODHIMTARI-300x300.jpg 300w, https:\/\/kcdf.org\/toolkit\/wp-content\/uploads\/2025\/01\/PRODHIMTARI-150x150.jpg 150w, https:\/\/kcdf.org\/toolkit\/wp-content\/uploads\/2025\/01\/PRODHIMTARI-768x768.jpg 768w\" sizes=\"(max-width: 800px) 100vw, 800px\" \/>\t\t\t\t\t\t\t\t\t\t\t<figcaption class=\"widget-image-caption wp-caption-text\">Slogani p\u00ebr bizneset n\u00eb sektorin e Prodhimtaris\u00eb<\/figcaption>\n\t\t\t\t\t\t\t\t\t\t<\/figure>\n\t\t\t\t\t\t\t<\/div>\n\t\t\t\t<\/div>\n\t\t\t\t<div class=\"elementor-element elementor-element-cb0f6d4 elementor-widget elementor-widget-image\" data-id=\"cb0f6d4\" data-element_type=\"widget\" data-widget_type=\"image.default\">\n\t\t\t\t<div class=\"elementor-widget-container\">\n\t\t\t\t\t\t\t\t\t\t<figure class=\"wp-caption\">\n\t\t\t\t\t\t\t\t\t\t<img loading=\"lazy\" decoding=\"async\" width=\"800\" height=\"800\" src=\"https:\/\/kcdf.org\/toolkit\/wp-content\/uploads\/2025\/01\/PIJE.jpg\" class=\"attachment-large size-large wp-image-7582\" alt=\"\" srcset=\"https:\/\/kcdf.org\/toolkit\/wp-content\/uploads\/2025\/01\/PIJE.jpg 993w, https:\/\/kcdf.org\/toolkit\/wp-content\/uploads\/2025\/01\/PIJE-300x300.jpg 300w, https:\/\/kcdf.org\/toolkit\/wp-content\/uploads\/2025\/01\/PIJE-150x150.jpg 150w, https:\/\/kcdf.org\/toolkit\/wp-content\/uploads\/2025\/01\/PIJE-768x768.jpg 768w\" sizes=\"(max-width: 800px) 100vw, 800px\" \/>\t\t\t\t\t\t\t\t\t\t\t<figcaption class=\"widget-image-caption wp-caption-text\">Slogani p\u00ebr bizneset n\u00eb sektorin e Pijeve<\/figcaption>\n\t\t\t\t\t\t\t\t\t\t<\/figure>\n\t\t\t\t\t\t\t<\/div>\n\t\t\t\t<\/div>\n\t\t\t\t<div class=\"elementor-element elementor-element-cd67a96 elementor-widget elementor-widget-image\" data-id=\"cd67a96\" data-element_type=\"widget\" data-widget_type=\"image.default\">\n\t\t\t\t<div class=\"elementor-widget-container\">\n\t\t\t\t\t\t\t\t\t\t<figure class=\"wp-caption\">\n\t\t\t\t\t\t\t\t\t\t<img loading=\"lazy\" decoding=\"async\" width=\"800\" height=\"800\" src=\"https:\/\/kcdf.org\/toolkit\/wp-content\/uploads\/2025\/01\/MODE-DIZAJN.jpg\" class=\"attachment-large size-large wp-image-7581\" alt=\"\" srcset=\"https:\/\/kcdf.org\/toolkit\/wp-content\/uploads\/2025\/01\/MODE-DIZAJN.jpg 993w, https:\/\/kcdf.org\/toolkit\/wp-content\/uploads\/2025\/01\/MODE-DIZAJN-300x300.jpg 300w, https:\/\/kcdf.org\/toolkit\/wp-content\/uploads\/2025\/01\/MODE-DIZAJN-150x150.jpg 150w, https:\/\/kcdf.org\/toolkit\/wp-content\/uploads\/2025\/01\/MODE-DIZAJN-768x768.jpg 768w\" sizes=\"(max-width: 800px) 100vw, 800px\" \/>\t\t\t\t\t\t\t\t\t\t\t<figcaption class=\"widget-image-caption wp-caption-text\">Slogani p\u00ebr bizneset n\u00eb sektorin e Mod\u00ebs dhe Dizajnit<\/figcaption>\n\t\t\t\t\t\t\t\t\t\t<\/figure>\n\t\t\t\t\t\t\t<\/div>\n\t\t\t\t<\/div>\n\t\t\t\t<div class=\"elementor-element elementor-element-79eb716 elementor-widget elementor-widget-image\" data-id=\"79eb716\" data-element_type=\"widget\" data-widget_type=\"image.default\">\n\t\t\t\t<div class=\"elementor-widget-container\">\n\t\t\t\t\t\t\t\t\t\t<figure class=\"wp-caption\">\n\t\t\t\t\t\t\t\t\t\t<img loading=\"lazy\" decoding=\"async\" width=\"800\" height=\"800\" src=\"https:\/\/kcdf.org\/toolkit\/wp-content\/uploads\/2025\/01\/EMBELSIRA.jpg\" class=\"attachment-large size-large wp-image-7580\" alt=\"\" srcset=\"https:\/\/kcdf.org\/toolkit\/wp-content\/uploads\/2025\/01\/EMBELSIRA.jpg 993w, https:\/\/kcdf.org\/toolkit\/wp-content\/uploads\/2025\/01\/EMBELSIRA-300x300.jpg 300w, https:\/\/kcdf.org\/toolkit\/wp-content\/uploads\/2025\/01\/EMBELSIRA-150x150.jpg 150w, https:\/\/kcdf.org\/toolkit\/wp-content\/uploads\/2025\/01\/EMBELSIRA-768x768.jpg 768w\" sizes=\"(max-width: 800px) 100vw, 800px\" \/>\t\t\t\t\t\t\t\t\t\t\t<figcaption class=\"widget-image-caption wp-caption-text\">Slogani p\u00ebr bizneset n\u00eb sektorin e \u00cbmbelsirave <\/figcaption>\n\t\t\t\t\t\t\t\t\t\t<\/figure>\n\t\t\t\t\t\t\t<\/div>\n\t\t\t\t<\/div>\n\t\t\t\t<div class=\"elementor-element elementor-element-1743454 elementor-widget elementor-widget-image\" data-id=\"1743454\" data-element_type=\"widget\" data-widget_type=\"image.default\">\n\t\t\t\t<div class=\"elementor-widget-container\">\n\t\t\t\t\t\t\t\t\t\t<figure class=\"wp-caption\">\n\t\t\t\t\t\t\t\t\t\t<img loading=\"lazy\" decoding=\"async\" width=\"800\" height=\"800\" src=\"https:\/\/kcdf.org\/toolkit\/wp-content\/uploads\/2025\/01\/EDUKIM.jpg\" class=\"attachment-large size-large wp-image-7578\" alt=\"\" srcset=\"https:\/\/kcdf.org\/toolkit\/wp-content\/uploads\/2025\/01\/EDUKIM.jpg 993w, https:\/\/kcdf.org\/toolkit\/wp-content\/uploads\/2025\/01\/EDUKIM-300x300.jpg 300w, https:\/\/kcdf.org\/toolkit\/wp-content\/uploads\/2025\/01\/EDUKIM-150x150.jpg 150w, https:\/\/kcdf.org\/toolkit\/wp-content\/uploads\/2025\/01\/EDUKIM-768x768.jpg 768w\" sizes=\"(max-width: 800px) 100vw, 800px\" \/>\t\t\t\t\t\t\t\t\t\t\t<figcaption class=\"widget-image-caption wp-caption-text\">Slogani p\u00ebr bizneset n\u00eb sektorin e Edukimit<\/figcaption>\n\t\t\t\t\t\t\t\t\t\t<\/figure>\n\t\t\t\t\t\t\t<\/div>\n\t\t\t\t<\/div>\n\t\t\t\t<div class=\"elementor-element elementor-element-9223c9d elementor-widget elementor-widget-image\" data-id=\"9223c9d\" data-element_type=\"widget\" data-widget_type=\"image.default\">\n\t\t\t\t<div class=\"elementor-widget-container\">\n\t\t\t\t\t\t\t\t\t\t<figure class=\"wp-caption\">\n\t\t\t\t\t\t\t\t\t\t<img loading=\"lazy\" decoding=\"async\" width=\"800\" height=\"800\" src=\"https:\/\/kcdf.org\/toolkit\/wp-content\/uploads\/2025\/01\/BUJQESI.jpg\" class=\"attachment-large size-large wp-image-7577\" alt=\"\" srcset=\"https:\/\/kcdf.org\/toolkit\/wp-content\/uploads\/2025\/01\/BUJQESI.jpg 993w, https:\/\/kcdf.org\/toolkit\/wp-content\/uploads\/2025\/01\/BUJQESI-300x300.jpg 300w, https:\/\/kcdf.org\/toolkit\/wp-content\/uploads\/2025\/01\/BUJQESI-150x150.jpg 150w, https:\/\/kcdf.org\/toolkit\/wp-content\/uploads\/2025\/01\/BUJQESI-768x768.jpg 768w\" sizes=\"(max-width: 800px) 100vw, 800px\" \/>\t\t\t\t\t\t\t\t\t\t\t<figcaption class=\"widget-image-caption wp-caption-text\">Slogani p\u00ebr bizneset n\u00eb sektorin e Bujq\u00ebsis\u00eb<\/figcaption>\n\t\t\t\t\t\t\t\t\t\t<\/figure>\n\t\t\t\t\t\t\t<\/div>\n\t\t\t\t<\/div>\n\t\t\t\t\t<\/div>\n\t\t\t\t<\/div>\n\t\t<div class=\"elementor-element elementor-element-3bde959 e-flex e-con-boxed e-con e-parent\" data-id=\"3bde959\" data-element_type=\"container\">\n\t\t\t\t\t<div class=\"e-con-inner\">\n\t\t\t\t\t<\/div>\n\t\t\t\t<\/div>\n\t\t\t\t<\/div>\n\t\t","protected":false},"excerpt":{"rendered":"<p>Kampanja &#8220;Nga Dora e Saj&#8221; i dedikohet fuqis\u00eb, talentit dhe kreativitetit t\u00eb grave n\u00eb nd\u00ebrmarr\u00ebsi. \u00c7do produkt me sloganin e kampanj\u00ebs tregon nj\u00eb histori p\u00ebrkushtimi, aft\u00ebsie dhe inovacioni, i krijuar [&hellip;]<\/p>\n","protected":false},"author":1,"featured_media":0,"parent":0,"menu_order":0,"comment_status":"closed","ping_status":"closed","template":"","meta":{"footnotes":""},"class_list":["post-3200","page","type-page","status-publish","hentry"],"yoast_head":"<!-- This site is optimized with the Yoast SEO Premium plugin v21.5 (Yoast SEO v21.5) - https:\/\/yoast.com\/wordpress\/plugins\/seo\/ -->\n<title>Nga Dora e Saj - Inclusive Economic Engagement<\/title>\n<meta name=\"robots\" content=\"index, follow, max-snippet:-1, max-image-preview:large, max-video-preview:-1\" \/>\n<link rel=\"canonical\" href=\"https:\/\/kcdf.org\/toolkit\/sq\/rreth-ieea\/\" \/>\n<meta property=\"og:locale\" content=\"en_US\" \/>\n<meta property=\"og:type\" content=\"article\" \/>\n<meta property=\"og:title\" content=\"Nga Dora e Saj\" \/>\n<meta property=\"og:description\" content=\"Kampanja &#8220;Nga Dora e Saj&#8221; i dedikohet fuqis\u00eb, talentit dhe kreativitetit t\u00eb grave n\u00eb nd\u00ebrmarr\u00ebsi. \u00c7do produkt me sloganin e kampanj\u00ebs tregon nj\u00eb histori p\u00ebrkushtimi, aft\u00ebsie dhe inovacioni, i krijuar [&hellip;]\" \/>\n<meta property=\"og:url\" content=\"https:\/\/kcdf.org\/toolkit\/sq\/rreth-ieea\/\" \/>\n<meta property=\"og:site_name\" content=\"Inclusive Economic Engagement\" \/>\n<meta property=\"article:modified_time\" content=\"2025-01-14T09:20:15+00:00\" \/>\n<meta property=\"og:image\" content=\"https:\/\/kcdf.org\/toolkit\/wp-content\/uploads\/2025\/01\/general-sticker.jpg\" \/>\n<meta name=\"twitter:card\" content=\"summary_large_image\" \/>\n<meta name=\"twitter:label1\" content=\"Est. reading time\" \/>\n\t<meta name=\"twitter:data1\" content=\"3 minutes\" \/>\n<script type=\"application\/ld+json\" class=\"yoast-schema-graph\">{\"@context\":\"https:\/\/schema.org\",\"@graph\":[{\"@type\":\"WebPage\",\"@id\":\"https:\/\/kcdf.org\/toolkit\/sq\/rreth-ieea\/\",\"url\":\"https:\/\/kcdf.org\/toolkit\/sq\/rreth-ieea\/\",\"name\":\"Nga Dora e Saj - Inclusive Economic Engagement\",\"isPartOf\":{\"@id\":\"https:\/\/kcdf.org\/toolkit\/#website\"},\"datePublished\":\"2023-08-29T18:44:12+00:00\",\"dateModified\":\"2025-01-14T09:20:15+00:00\",\"breadcrumb\":{\"@id\":\"https:\/\/kcdf.org\/toolkit\/sq\/rreth-ieea\/#breadcrumb\"},\"inLanguage\":\"en-US\",\"potentialAction\":[{\"@type\":\"ReadAction\",\"target\":[\"https:\/\/kcdf.org\/toolkit\/sq\/rreth-ieea\/\"]}]},{\"@type\":\"BreadcrumbList\",\"@id\":\"https:\/\/kcdf.org\/toolkit\/sq\/rreth-ieea\/#breadcrumb\",\"itemListElement\":[{\"@type\":\"ListItem\",\"position\":1,\"name\":\"Home\",\"item\":\"https:\/\/kcdf.org\/toolkit\/\"},{\"@type\":\"ListItem\",\"position\":2,\"name\":\"Nga Dora e Saj\"}]},{\"@type\":\"WebSite\",\"@id\":\"https:\/\/kcdf.org\/toolkit\/#website\",\"url\":\"https:\/\/kcdf.org\/toolkit\/\",\"name\":\"Inclusive Economic Engagement\",\"description\":\"\",\"potentialAction\":[{\"@type\":\"SearchAction\",\"target\":{\"@type\":\"EntryPoint\",\"urlTemplate\":\"https:\/\/kcdf.org\/toolkit\/?s={search_term_string}\"},\"query-input\":\"required name=search_term_string\"}],\"inLanguage\":\"en-US\"}]}<\/script>\n<!-- \/ Yoast SEO Premium plugin. -->","yoast_head_json":{"title":"Nga Dora e Saj - Inclusive Economic Engagement","robots":{"index":"index","follow":"follow","max-snippet":"max-snippet:-1","max-image-preview":"max-image-preview:large","max-video-preview":"max-video-preview:-1"},"canonical":"https:\/\/kcdf.org\/toolkit\/sq\/rreth-ieea\/","og_locale":"en_US","og_type":"article","og_title":"Nga Dora e Saj","og_description":"Kampanja &#8220;Nga Dora e Saj&#8221; i dedikohet fuqis\u00eb, talentit dhe kreativitetit t\u00eb grave n\u00eb nd\u00ebrmarr\u00ebsi. \u00c7do produkt me sloganin e kampanj\u00ebs tregon nj\u00eb histori p\u00ebrkushtimi, aft\u00ebsie dhe inovacioni, i krijuar [&hellip;]","og_url":"https:\/\/kcdf.org\/toolkit\/sq\/rreth-ieea\/","og_site_name":"Inclusive Economic Engagement","article_modified_time":"2025-01-14T09:20:15+00:00","og_image":[{"url":"https:\/\/kcdf.org\/toolkit\/wp-content\/uploads\/2025\/01\/general-sticker.jpg"}],"twitter_card":"summary_large_image","twitter_misc":{"Est. reading time":"3 minutes"},"schema":{"@context":"https:\/\/schema.org","@graph":[{"@type":"WebPage","@id":"https:\/\/kcdf.org\/toolkit\/sq\/rreth-ieea\/","url":"https:\/\/kcdf.org\/toolkit\/sq\/rreth-ieea\/","name":"Nga Dora e Saj - Inclusive Economic Engagement","isPartOf":{"@id":"https:\/\/kcdf.org\/toolkit\/#website"},"datePublished":"2023-08-29T18:44:12+00:00","dateModified":"2025-01-14T09:20:15+00:00","breadcrumb":{"@id":"https:\/\/kcdf.org\/toolkit\/sq\/rreth-ieea\/#breadcrumb"},"inLanguage":"en-US","potentialAction":[{"@type":"ReadAction","target":["https:\/\/kcdf.org\/toolkit\/sq\/rreth-ieea\/"]}]},{"@type":"BreadcrumbList","@id":"https:\/\/kcdf.org\/toolkit\/sq\/rreth-ieea\/#breadcrumb","itemListElement":[{"@type":"ListItem","position":1,"name":"Home","item":"https:\/\/kcdf.org\/toolkit\/"},{"@type":"ListItem","position":2,"name":"Nga Dora e Saj"}]},{"@type":"WebSite","@id":"https:\/\/kcdf.org\/toolkit\/#website","url":"https:\/\/kcdf.org\/toolkit\/","name":"Inclusive Economic Engagement","description":"","potentialAction":[{"@type":"SearchAction","target":{"@type":"EntryPoint","urlTemplate":"https:\/\/kcdf.org\/toolkit\/?s={search_term_string}"},"query-input":"required name=search_term_string"}],"inLanguage":"en-US"}]}},"_links":{"self":[{"href":"https:\/\/kcdf.org\/toolkit\/wp-json\/wp\/v2\/pages\/3200"}],"collection":[{"href":"https:\/\/kcdf.org\/toolkit\/wp-json\/wp\/v2\/pages"}],"about":[{"href":"https:\/\/kcdf.org\/toolkit\/wp-json\/wp\/v2\/types\/page"}],"author":[{"embeddable":true,"href":"https:\/\/kcdf.org\/toolkit\/wp-json\/wp\/v2\/users\/1"}],"replies":[{"embeddable":true,"href":"https:\/\/kcdf.org\/toolkit\/wp-json\/wp\/v2\/comments?post=3200"}],"version-history":[{"count":11,"href":"https:\/\/kcdf.org\/toolkit\/wp-json\/wp\/v2\/pages\/3200\/revisions"}],"predecessor-version":[{"id":7621,"href":"https:\/\/kcdf.org\/toolkit\/wp-json\/wp\/v2\/pages\/3200\/revisions\/7621"}],"wp:attachment":[{"href":"https:\/\/kcdf.org\/toolkit\/wp-json\/wp\/v2\/media?parent=3200"}],"curies":[{"name":"wp","href":"https:\/\/api.w.org\/{rel}","templated":true}]}}